Last updated on 2024-08-16 11:49:54 CEST.
Flavor | Version | Tinstall | Tcheck | Ttotal | Status | Flags |
---|---|---|---|---|---|---|
r-devel-linux-x86_64-debian-clang | 0.7 | 10.57 | 102.04 | 112.61 | OK | |
r-devel-linux-x86_64-debian-gcc | 0.7 | 6.59 | 75.11 | 81.70 | OK | |
r-devel-linux-x86_64-fedora-clang | 0.7 | 180.03 | NOTE | |||
r-devel-linux-x86_64-fedora-gcc | 0.7 | 176.73 | OK | |||
r-devel-windows-x86_64 | 0.7 | 12.00 | 116.00 | 128.00 | OK | |
r-patched-linux-x86_64 | 0.7 | 9.51 | 94.97 | 104.48 | OK | |
r-release-linux-x86_64 | 0.7 | 9.08 | 95.92 | 105.00 | OK | |
r-release-macos-arm64 | 0.7 | 51.00 | OK | |||
r-release-macos-x86_64 | 0.7 | 83.00 | OK | |||
r-release-windows-x86_64 | 0.7 | 12.00 | 119.00 | 131.00 | OK | |
r-oldrel-macos-arm64 | 0.7 | 58.00 | OK | |||
r-oldrel-macos-x86_64 | 0.7 | 136.00 | OK | |||
r-oldrel-windows-x86_64 | 0.7 | 15.00 | 139.00 | 154.00 | OK |
Version: 0.7
Check: Rd cross-references
Result: NOTE
Undeclared package ‘randomForest’ in Rd xrefs
Flavor: r-devel-linux-x86_64-fedora-clang