Last updated on 2024-04-18 17:51:43 CEST.
Flavor | Version | Tinstall | Tcheck | Ttotal | Status | Flags |
---|---|---|---|---|---|---|
r-devel-linux-x86_64-debian-clang | 1.3.3 | 7.29 | 103.89 | 111.18 | OK | |
r-devel-linux-x86_64-debian-gcc | 1.3.3 | 5.71 | 78.80 | 84.51 | OK | |
r-devel-linux-x86_64-fedora-clang | 1.3.3 | 144.44 | NOTE | |||
r-devel-linux-x86_64-fedora-gcc | 1.3.3 | 147.23 | OK | |||
r-prerel-macos-arm64 | 1.3.3 | 48.00 | OK | |||
r-prerel-macos-x86_64 | 1.3.3 | 123.00 | OK | |||
r-prerel-windows-x86_64 | 1.3.3 | 9.00 | 112.00 | 121.00 | OK | |
r-patched-linux-x86_64 | 1.3.3 | 9.29 | 102.39 | 111.68 | OK | |
r-release-linux-x86_64 | 1.3.3 | 7.61 | 98.59 | 106.20 | OK | |
r-release-macos-arm64 | 1.3.3 | 52.00 | OK | |||
r-release-macos-x86_64 | 1.3.3 | 103.00 | OK | |||
r-release-windows-x86_64 | 1.3.3 | 10.00 | 122.00 | 132.00 | OK | |
r-oldrel-macos-arm64 | 1.3.3 | 46.00 | OK | |||
r-oldrel-windows-x86_64 | 1.3.3 | 11.00 | 113.00 | 124.00 | OK |
Version: 1.3.3
Check: Rd cross-references
Result: NOTE
Undeclared package ‘rlang’ in Rd xrefs
Flavor: r-devel-linux-x86_64-fedora-clang