Last updated on 2023-09-24 05:53:25 CEST.
Flavor | Version | Tinstall | Tcheck | Ttotal | Status | Flags |
---|---|---|---|---|---|---|
r-devel-linux-x86_64-debian-clang | 1.3.2 | 8.01 | 111.09 | 119.10 | OK | |
r-devel-linux-x86_64-debian-gcc | 1.3.2 | 6.00 | 82.38 | 88.38 | OK | |
r-devel-linux-x86_64-fedora-clang | 1.3.2 | 151.20 | NOTE | |||
r-devel-linux-x86_64-fedora-gcc | 1.3.2 | 150.69 | OK | |||
r-devel-windows-x86_64 | 1.3.2 | 8.00 | 114.00 | 122.00 | OK | |
r-patched-linux-x86_64 | 1.3.2 | 8.81 | 104.68 | 113.49 | OK | |
r-release-linux-x86_64 | 1.3.2 | 6.93 | 106.15 | 113.08 | OK | |
r-release-macos-arm64 | 1.3.2 | 56.00 | OK | |||
r-release-macos-x86_64 | 1.3.2 | 83.00 | OK | |||
r-release-windows-x86_64 | 1.3.2 | 13.00 | 133.00 | 146.00 | OK | |
r-oldrel-macos-arm64 | 1.3.2 | 47.00 | OK | |||
r-oldrel-macos-x86_64 | 1.3.2 | 59.00 | OK | |||
r-oldrel-windows-x86_64 | 1.3.2 | 11.00 | 125.00 | 136.00 | OK |
Version: 1.3.2
Check: Rd cross-references
Result: NOTE
Undeclared package ‘rlang’ in Rd xrefs
Flavor: r-devel-linux-x86_64-fedora-clang