Last updated on 2023-02-01 06:56:29 CET.
Flavor | Version | Tinstall | Tcheck | Ttotal | Status | Flags |
---|---|---|---|---|---|---|
r-devel-linux-x86_64-debian-clang | 2.5 | 24.76 | 157.08 | 181.84 | NOTE | --no-vignettes |
r-devel-linux-x86_64-debian-gcc | 2.5 | 16.79 | 114.01 | 130.80 | NOTE | --no-vignettes |
r-devel-linux-x86_64-fedora-clang | 2.5 | 324.61 | NOTE | |||
r-devel-linux-x86_64-fedora-gcc | 2.5 | 350.61 | NOTE | |||
r-devel-windows-x86_64 | 2.5 | 57.00 | 208.00 | 265.00 | NOTE | --no-vignettes |
r-patched-linux-x86_64 | 2.5 | 29.16 | 147.99 | 177.15 | OK | --no-vignettes |
r-release-linux-x86_64 | 2.5 | 20.47 | 146.90 | 167.37 | OK | --no-vignettes |
r-release-macos-arm64 | 2.5 | 115.00 | OK | |||
r-release-macos-x86_64 | 2.5 | 201.00 | OK | |||
r-release-windows-x86_64 | 2.5 | 49.00 | 170.00 | 219.00 | OK | --no-vignettes |
r-oldrel-macos-arm64 | 2.5 | 117.00 | OK | |||
r-oldrel-macos-x86_64 | 2.5 | 156.00 | OK | |||
r-oldrel-windows-ix86+x86_64 | 2.5 | 45.00 | 196.00 | 241.00 | OK | --no-vignettes |
Version: 2.5
Flags: --no-vignettes
Check: Rd files
Result: NOTE
checkRd: (-1) lindner.Rd:44: Escaped LaTeX specials: \_
Flavors: r-devel-linux-x86_64-debian-clang, r-devel-linux-x86_64-debian-gcc, r-devel-windows-x86_64
Version: 2.5
Check: Rd files
Result: NOTE
checkRd: (-1) lindner.Rd:44: Escaped LaTeX specials: \_
Flavors: r-devel-linux-x86_64-fedora-clang, r-devel-linux-x86_64-fedora-gcc