CRAN Package Check Results for Package twangContinuous

Last updated on 2022-08-20 00:52:15 CEST.

Flavor Version Tinstall Tcheck Ttotal Status Flags
r-devel-linux-x86_64-debian-clang 1.0.0 6.87 84.06 90.93 OK
r-devel-linux-x86_64-debian-gcc 1.0.0 6.84 65.39 72.23 OK
r-devel-linux-x86_64-fedora-clang 1.0.0 122.41 NOTE
r-devel-linux-x86_64-fedora-gcc 1.0.0 111.64 NOTE
r-devel-windows-x86_64 1.0.0 40.00 112.00 152.00 OK
r-patched-linux-x86_64 1.0.0 8.17 81.32 89.49 OK
r-release-linux-x86_64 1.0.0 OK
r-release-macos-arm64 1.0.0 37.00 NOTE
r-release-macos-x86_64 1.0.0 52.00 NOTE
r-release-windows-x86_64 1.0.0 22.00 112.00 134.00 OK
r-oldrel-macos-arm64 1.0.0 46.00 NOTE
r-oldrel-macos-x86_64 1.0.0 66.00 NOTE
r-oldrel-windows-ix86+x86_64 1.0.0 18.00 106.00 124.00 OK

Check Details

Version: 1.0.0
Check: dependencies in R code
Result: NOTE
    Namespace in Imports field not imported from: ‘Rcpp’
     All declared Imports should be used.
Flavors: r-devel-linux-x86_64-fedora-clang, r-devel-linux-x86_64-fedora-gcc, r-release-macos-arm64, r-release-macos-x86_64, r-oldrel-macos-arm64, r-oldrel-macos-x86_64