Last updated on 2023-03-26 12:03:34 CEST.
Flavor | Version | Tinstall | Tcheck | Ttotal | Status | Flags |
---|---|---|---|---|---|---|
r-devel-linux-x86_64-debian-clang | 2.0.2 | 38.17 | 46.35 | 84.52 | NOTE | |
r-devel-linux-x86_64-debian-gcc | 2.0.2 | 34.54 | 36.23 | 70.77 | NOTE | |
r-devel-linux-x86_64-fedora-clang | 2.0.2 | 118.17 | NOTE | |||
r-devel-linux-x86_64-fedora-gcc | 2.0.2 | 113.82 | NOTE | |||
r-patched-linux-x86_64 | 2.0.2 | 37.52 | 44.98 | 82.50 | NOTE | |
r-release-linux-x86_64 | 2.0.2 | 33.16 | 45.13 | 78.29 | OK | |
r-release-macos-arm64 | 2.0.2 | 28.00 | OK | |||
r-release-macos-x86_64 | 2.0.2 | 41.00 | OK | |||
r-release-windows-x86_64 | 2.0.2 | 75.00 | 85.00 | 160.00 | OK | |
r-oldrel-macos-arm64 | 2.0.2 | 28.00 | OK | |||
r-oldrel-macos-x86_64 | 2.0.2 | 46.00 | OK | |||
r-oldrel-windows-ix86+x86_64 | 2.0.2 | 96.00 | 91.00 | 187.00 | OK |
Version: 2.0.2
Check: C++ specification
Result: NOTE
Specified C++11: please drop specification unless essential
Flavors: r-devel-linux-x86_64-debian-clang, r-devel-linux-x86_64-debian-gcc, r-devel-linux-x86_64-fedora-clang, r-devel-linux-x86_64-fedora-gcc, r-patched-linux-x86_64