Last updated on 2024-05-11 11:48:34 CEST.
Flavor | Version | Tinstall | Tcheck | Ttotal | Status | Flags |
---|---|---|---|---|---|---|
r-devel-linux-x86_64-debian-clang | 1.2.6 | 738.95 | 321.51 | 1060.46 | NOTE | |
r-devel-linux-x86_64-debian-gcc | 1.2.6 | 654.32 | 265.82 | 920.14 | NOTE | |
r-devel-linux-x86_64-fedora-clang | 1.2.6 | 1297.78 | NOTE | |||
r-devel-linux-x86_64-fedora-gcc | 1.2.6 | 1847.31 | NOTE | |||
r-devel-windows-x86_64 | 1.2.6 | 472.00 | 296.00 | 768.00 | NOTE | |
r-patched-linux-x86_64 | 1.2.6 | 756.80 | 353.13 | 1109.93 | NOTE | |
r-release-linux-x86_64 | 1.2.6 | 743.46 | 349.84 | 1093.30 | NOTE | |
r-release-macos-arm64 | 1.2.6 | 315.00 | NOTE | |||
r-release-windows-x86_64 | 1.2.6 | 530.00 | 287.00 | 817.00 | NOTE | |
r-oldrel-macos-arm64 | 1.2.6 | 535.00 | NOTE | |||
r-oldrel-macos-x86_64 | 1.2.6 | 546.00 | NOTE | |||
r-oldrel-windows-x86_64 | 1.2.6 | 637.00 | 365.00 | 1002.00 | NOTE |
Version: 1.2.6
Check: for GNU extensions in Makefiles
Result: NOTE
GNU make is a SystemRequirements.
Flavors: r-devel-linux-x86_64-debian-clang, r-devel-linux-x86_64-debian-gcc, r-devel-linux-x86_64-fedora-clang, r-devel-linux-x86_64-fedora-gcc, r-devel-windows-x86_64, r-patched-linux-x86_64, r-release-linux-x86_64, r-release-macos-arm64, r-release-windows-x86_64, r-oldrel-macos-arm64, r-oldrel-macos-x86_64, r-oldrel-windows-x86_64
Version: 1.2.6
Check: installed package size
Result: NOTE
installed size is 8.5Mb
sub-directories of 1Mb or more:
R 1.4Mb
doc 1.0Mb
libs 5.8Mb
Flavors: r-devel-linux-x86_64-fedora-clang, r-devel-windows-x86_64, r-release-macos-arm64, r-release-windows-x86_64, r-oldrel-macos-arm64, r-oldrel-macos-x86_64, r-oldrel-windows-x86_64