Last updated on 2023-09-30 11:51:55 CEST.
Flavor | Version | Tinstall | Tcheck | Ttotal | Status | Flags |
---|---|---|---|---|---|---|
r-devel-linux-x86_64-debian-clang | 1.1.1 | 8.73 | 25.87 | 34.60 | NOTE | |
r-devel-linux-x86_64-debian-gcc | 1.1.1 | 6.51 | 20.64 | 27.15 | NOTE | |
r-devel-linux-x86_64-fedora-clang | 1.1.1 | 45.32 | NOTE | |||
r-devel-linux-x86_64-fedora-gcc | 1.1.1 | 55.99 | NOTE | |||
r-devel-windows-x86_64 | 1.1.1 | 16.00 | 65.00 | 81.00 | NOTE | |
r-patched-linux-x86_64 | 1.1.1 | 8.58 | 25.60 | 34.18 | NOTE | |
r-release-linux-x86_64 | 1.1.1 | 8.04 | 25.56 | 33.60 | NOTE | |
r-release-macos-arm64 | 1.1.1 | 29.00 | NOTE | |||
r-release-macos-x86_64 | 1.1.1 | 44.00 | NOTE | |||
r-release-windows-x86_64 | 1.1.1 | 19.00 | 66.00 | 85.00 | NOTE | |
r-oldrel-macos-arm64 | 1.1.1 | 24.00 | NOTE | |||
r-oldrel-macos-x86_64 | 1.1.1 | 30.00 | NOTE | |||
r-oldrel-windows-x86_64 | 1.1.1 | 30.00 | 65.00 | 95.00 | NOTE |
Version: 1.1.1
Check: C++ specification
Result: NOTE
Specified C++11: please drop specification unless essential
Flavors: r-devel-linux-x86_64-debian-clang, r-devel-linux-x86_64-debian-gcc, r-devel-linux-x86_64-fedora-clang, r-devel-linux-x86_64-fedora-gcc, r-devel-windows-x86_64, r-patched-linux-x86_64, r-release-linux-x86_64, r-release-macos-arm64, r-release-macos-x86_64, r-release-windows-x86_64
Version: 1.1.1
Check: for GNU extensions in Makefiles
Result: NOTE
GNU make is a SystemRequirements.
Flavors: r-devel-linux-x86_64-debian-clang, r-devel-linux-x86_64-debian-gcc, r-devel-linux-x86_64-fedora-clang, r-devel-linux-x86_64-fedora-gcc, r-devel-windows-x86_64, r-patched-linux-x86_64, r-release-linux-x86_64, r-release-macos-arm64, r-release-macos-x86_64, r-release-windows-x86_64, r-oldrel-macos-arm64, r-oldrel-macos-x86_64, r-oldrel-windows-x86_64