CRAN Package Check Results for Package ucminf

Last updated on 2021-07-27 23:51:36 CEST.

Flavor Version Tinstall Tcheck Ttotal Status Flags
r-devel-linux-x86_64-debian-clang 1.1-4 2.75 23.59 26.34 OK
r-devel-linux-x86_64-debian-gcc 1.1-4 2.22 18.74 20.96 OK
r-devel-linux-x86_64-fedora-clang 1.1-4 41.48 NOTE
r-devel-linux-x86_64-fedora-gcc 1.1-4 30.77 NOTE
r-devel-windows-x86_64 1.1-4 7.00 40.00 47.00 OK
r-devel-windows-x86_64-gcc10-UCRT 1.1-4 OK
r-patched-linux-x86_64 1.1-4 2.87 22.87 25.74 OK
r-patched-solaris-x86 1.1-4 45.80 OK
r-release-linux-x86_64 1.1-4 2.48 22.87 25.35 OK
r-release-macos-arm64 1.1-4 OK
r-release-macos-x86_64 1.1-4 OK
r-release-windows-ix86+x86_64 1.1-4 7.00 35.00 42.00 OK
r-oldrel-macos-x86_64 1.1-4 OK
r-oldrel-windows-ix86+x86_64 1.1-4 257.00 38.00 295.00 OK

Check Details

Version: 1.1-4
Check: compiled code
Result: NOTE
    File ‘ucminf/libs/ucminf.so’:
     Found no calls to: ‘R_registerRoutines’, ‘R_useDynamicSymbols’
    
    It is good practice to register native routines and to disable symbol
    search.
    
    See ‘Writing portable packages’ in the ‘Writing R Extensions’ manual.
Flavors: r-devel-linux-x86_64-fedora-clang, r-devel-linux-x86_64-fedora-gcc