CRAN Package Check Results for Package udpipe

Last updated on 2019-05-19 17:57:51 CEST.

Flavor Version Tinstall Tcheck Ttotal Status Flags
r-devel-linux-x86_64-debian-clang 0.8.1 125.31 210.72 336.03 WARN
r-devel-linux-x86_64-debian-gcc 0.8.1 110.18 275.86 386.04 OK
r-devel-linux-x86_64-fedora-clang 0.8.1 ERROR
r-devel-linux-x86_64-fedora-gcc 0.8.1 563.91 OK
r-devel-windows-ix86+x86_64 0.8.1 290.00 569.00 859.00 NOTE
r-patched-linux-x86_64 0.8.1 120.99 345.64 466.63 OK
r-patched-solaris-x86 0.8.1 685.50 NOTE
r-release-linux-x86_64 0.8.1 122.26 341.83 464.09 OK
r-release-windows-ix86+x86_64 0.8.1 300.00 529.00 829.00 WARN
r-release-osx-x86_64 0.8.1 NOTE
r-oldrel-windows-ix86+x86_64 0.8.1 284.00 528.00 812.00 NOTE
r-oldrel-osx-x86_64 0.8.1 NOTE

Check Details

Version: 0.8.1
Check: re-building of vignette outputs
Result: WARN
    Error(s) in re-building vignettes:
     ...
    --- re-building 'udpipe-annotation.Rmd' using rmarkdown
    Downloading udpipe model from https://raw.githubusercontent.com/jwijffels/udpipe.models.ud.2.3/master/inst/udpipe-ud-2.3-181115/dutch-alpino-ud-2.3-181115.udpipe to /home/hornik/tmp/R.check/r-devel-clang/Work/PKGS/udpipe.Rcheck/vign_test/udpipe/vignettes/dutch-alpino-ud-2.3-181115.udpipe
    trying URL 'https://raw.githubusercontent.com/jwijffels/udpipe.models.ud.2.3/master/inst/udpipe-ud-2.3-181115/dutch-alpino-ud-2.3-181115.udpipe'
    Content type 'application/octet-stream' length 16922217 bytes (16.1 MB)
    ==================================================
    downloaded 16.1 MB
    
    Downloading udpipe model from https://raw.githubusercontent.com/jwijffels/udpipe.models.ud.2.0/master/inst/udpipe-ud-2.0-170801/sanskrit-ud-2.0-170801.udpipe to /home/hornik/tmp/R.check/r-devel-clang/Work/PKGS/udpipe.Rcheck/vign_test/udpipe/vignettes/sanskrit-ud-2.0-170801.udpipe
    trying URL 'https://raw.githubusercontent.com/jwijffels/udpipe.models.ud.2.0/master/inst/udpipe-ud-2.0-170801/sanskrit-ud-2.0-170801.udpipe'
    Content type 'application/octet-stream' length 2107925 bytes (2.0 MB)
    ==================================================
    downloaded 2.0 MB
    
    --- finished re-building 'udpipe-annotation.Rmd'
    
    --- re-building 'udpipe-train.Rmd' using rmarkdown
    --- finished re-building 'udpipe-train.Rmd'
    
    --- re-building 'udpipe-tryitout.Rmd' using rmarkdown
    Warning in get_engine(options$engine) :
     Unknown language engine 'eval' (must be registered via knit_engines$set()).
    Downloading udpipe model from https://raw.githubusercontent.com/jwijffels/udpipe.models.ud.2.3/master/inst/udpipe-ud-2.3-181115/dutch-alpino-ud-2.3-181115.udpipe to /home/hornik/tmp/R.check/r-devel-clang/Work/PKGS/udpipe.Rcheck/vign_test/udpipe/vignettes/dutch-alpino-ud-2.3-181115.udpipe
    trying URL 'https://raw.githubusercontent.com/jwijffels/udpipe.models.ud.2.3/master/inst/udpipe-ud-2.3-181115/dutch-alpino-ud-2.3-181115.udpipe'
    Content type 'application/octet-stream' length 16922217 bytes (16.1 MB)
    ==================================================
    downloaded 16.1 MB
    
    --- finished re-building 'udpipe-tryitout.Rmd'
    
    --- re-building 'udpipe-usecase-postagging-lemmatisation.Rmd' using rmarkdown
    Downloading udpipe model from https://raw.githubusercontent.com/jwijffels/udpipe.models.ud.2.3/master/inst/udpipe-ud-2.3-181115/spanish-gsd-ud-2.3-181115.udpipe to /home/hornik/tmp/R.check/r-devel-clang/Work/PKGS/udpipe.Rcheck/vign_test/udpipe/vignettes/spanish-gsd-ud-2.3-181115.udpipe
    trying URL 'https://raw.githubusercontent.com/jwijffels/udpipe.models.ud.2.3/master/inst/udpipe-ud-2.3-181115/spanish-gsd-ud-2.3-181115.udpipe'
    Warning in utils::download.file(url = url, destfile = to, mode = "wb") :
     cannot open URL 'https://raw.githubusercontent.com/jwijffels/udpipe.models.ud.2.3/master/inst/udpipe-ud-2.3-181115/spanish-gsd-ud-2.3-181115.udpipe': HTTP status was '503 Service Unavailable'
    Quitting from lines 53-61 (udpipe-usecase-postagging-lemmatisation.Rmd)
    Error: processing vignette 'udpipe-usecase-postagging-lemmatisation.Rmd' failed with diagnostics:
    cannot open URL 'https://raw.githubusercontent.com/jwijffels/udpipe.models.ud.2.3/master/inst/udpipe-ud-2.3-181115/spanish-gsd-ud-2.3-181115.udpipe'
    --- failed re-building 'udpipe-usecase-postagging-lemmatisation.Rmd'
    
    --- re-building 'udpipe-usecase-topicmodelling.Rmd' using rmarkdown
    Downloading udpipe model from https://raw.githubusercontent.com/jwijffels/udpipe.models.ud.2.3/master/inst/udpipe-ud-2.3-181115/french-gsd-ud-2.3-181115.udpipe to /home/hornik/tmp/R.check/r-devel-clang/Work/PKGS/udpipe.Rcheck/vign_test/udpipe/vignettes/french-gsd-ud-2.3-181115.udpipe
    trying URL 'https://raw.githubusercontent.com/jwijffels/udpipe.models.ud.2.3/master/inst/udpipe-ud-2.3-181115/french-gsd-ud-2.3-181115.udpipe'
    Warning in utils::download.file(url = url, destfile = to, mode = "wb") :
     cannot open URL 'https://raw.githubusercontent.com/jwijffels/udpipe.models.ud.2.3/master/inst/udpipe-ud-2.3-181115/french-gsd-ud-2.3-181115.udpipe': HTTP status was '503 Service Unavailable'
    Quitting from lines 39-47 (udpipe-usecase-topicmodelling.Rmd)
    Error: processing vignette 'udpipe-usecase-topicmodelling.Rmd' failed with diagnostics:
    cannot open URL 'https://raw.githubusercontent.com/jwijffels/udpipe.models.ud.2.3/master/inst/udpipe-ud-2.3-181115/french-gsd-ud-2.3-181115.udpipe'
    --- failed re-building 'udpipe-usecase-topicmodelling.Rmd'
    
    SUMMARY: processing the following files failed:
     'udpipe-usecase-postagging-lemmatisation.Rmd'
     'udpipe-usecase-topicmodelling.Rmd'
    
    Error: Vignette re-building failed.
    Execution halted
Flavor: r-devel-linux-x86_64-debian-clang

Version: 0.8.1
Check: installed package size
Result: NOTE
     installed size is 28.2Mb
     sub-directories of 1Mb or more:
     doc 5.3Mb
     dummydata 1.4Mb
     libs 20.2Mb
Flavors: r-devel-linux-x86_64-fedora-clang, r-devel-windows-ix86+x86_64, r-patched-solaris-x86, r-release-windows-ix86+x86_64, r-release-osx-x86_64, r-oldrel-windows-ix86+x86_64, r-oldrel-osx-x86_64

Version: 0.8.1
Check: examples
Result: ERROR
    Running examples in ‘udpipe-Ex.R’ failed
    The error most likely occurred in:
    
    > ### Name: txt_sentiment
    > ### Title: Perform dictionary-based sentiment analysis on a tokenised data
    > ### frame
    > ### Aliases: txt_sentiment
    >
    > ### ** Examples
    >
    > model <- udpipe_download_model(language = "english-gum",
    + model_dir = tempdir())
    Downloading udpipe model from https://raw.githubusercontent.com/jwijffels/udpipe.models.ud.2.3/master/inst/udpipe-ud-2.3-181115/english-gum-ud-2.3-181115.udpipe to /tmp/RtmprAkzY7/english-gum-ud-2.3-181115.udpipe
    trying URL 'https://raw.githubusercontent.com/jwijffels/udpipe.models.ud.2.3/master/inst/udpipe-ud-2.3-181115/english-gum-ud-2.3-181115.udpipe'
    Warning in utils::download.file(url = url, destfile = to, mode = "wb") :
     cannot open URL 'https://raw.githubusercontent.com/jwijffels/udpipe.models.ud.2.3/master/inst/udpipe-ud-2.3-181115/english-gum-ud-2.3-181115.udpipe': HTTP status was '503 Service Unavailable'
    Error in utils::download.file(url = url, destfile = to, mode = "wb") :
     cannot open URL 'https://raw.githubusercontent.com/jwijffels/udpipe.models.ud.2.3/master/inst/udpipe-ud-2.3-181115/english-gum-ud-2.3-181115.udpipe'
    Calls: udpipe_download_model -> <Anonymous>
    Execution halted
Flavor: r-devel-linux-x86_64-fedora-clang

Version: 0.8.1
Check: re-building of vignette outputs
Result: WARN
    Error(s) in re-building vignettes:
    --- re-building 'udpipe-annotation.Rmd' using rmarkdown
    Warning in engine$weave(file, quiet = quiet, encoding = enc) :
     The vignette engine knitr::rmarkdown is not available, because the rmarkdown package is not installed. Please install it.
    Downloading udpipe model from https://raw.githubusercontent.com/jwijffels/udpipe.models.ud.2.3/master/inst/udpipe-ud-2.3-181115/dutch-alpino-ud-2.3-181115.udpipe to d:/RCompile/CRANpkg/local/3.6/udpipe.Rcheck/vign_test/udpipe/vignettes/dutch-alpino-ud-2.3-181115.udpipe
    trying URL 'https://raw.githubusercontent.com/jwijffels/udpipe.models.ud.2.3/master/inst/udpipe-ud-2.3-181115/dutch-alpino-ud-2.3-181115.udpipe'
    Content type 'application/octet-stream' length 16922217 bytes (16.1 MB)
    ==================================================
    downloaded 16.1 MB
    
    Downloading udpipe model from https://raw.githubusercontent.com/jwijffels/udpipe.models.ud.2.0/master/inst/udpipe-ud-2.0-170801/sanskrit-ud-2.0-170801.udpipe to d:/RCompile/CRANpkg/local/3.6/udpipe.Rcheck/vign_test/udpipe/vignettes/sanskrit-ud-2.0-170801.udpipe
    trying URL 'https://raw.githubusercontent.com/jwijffels/udpipe.models.ud.2.0/master/inst/udpipe-ud-2.0-170801/sanskrit-ud-2.0-170801.udpipe'
    Content type 'application/octet-stream' length 2107925 bytes (2.0 MB)
    ==================================================
    downloaded 2.0 MB
    
    --- finished re-building 'udpipe-annotation.Rmd'
    
    --- re-building 'udpipe-train.Rmd' using rmarkdown
    Warning in engine$weave(file, quiet = quiet, encoding = enc) :
     The vignette engine knitr::rmarkdown is not available, because the rmarkdown package is not installed. Please install it.
    --- finished re-building 'udpipe-train.Rmd'
    
    --- re-building 'udpipe-tryitout.Rmd' using rmarkdown
    Warning in engine$weave(file, quiet = quiet, encoding = enc) :
     The vignette engine knitr::rmarkdown is not available, because the rmarkdown package is not installed. Please install it.
    Warning in get_engine(options$engine) :
     Unknown language engine 'eval' (must be registered via knit_engines$set()).
    Downloading udpipe model from https://raw.githubusercontent.com/jwijffels/udpipe.models.ud.2.3/master/inst/udpipe-ud-2.3-181115/dutch-alpino-ud-2.3-181115.udpipe to d:/RCompile/CRANpkg/local/3.6/udpipe.Rcheck/vign_test/udpipe/vignettes/dutch-alpino-ud-2.3-181115.udpipe
    trying URL 'https://raw.githubusercontent.com/jwijffels/udpipe.models.ud.2.3/master/inst/udpipe-ud-2.3-181115/dutch-alpino-ud-2.3-181115.udpipe'
    Content type 'application/octet-stream' length 16922217 bytes (16.1 MB)
    ==================================================
    downloaded 16.1 MB
    
    --- finished re-building 'udpipe-tryitout.Rmd'
    
    --- re-building 'udpipe-usecase-postagging-lemmatisation.Rmd' using rmarkdown
    Warning in engine$weave(file, quiet = quiet, encoding = enc) :
     The vignette engine knitr::rmarkdown is not available, because the rmarkdown package is not installed. Please install it.
    Downloading udpipe model from https://raw.githubusercontent.com/jwijffels/udpipe.models.ud.2.3/master/inst/udpipe-ud-2.3-181115/spanish-gsd-ud-2.3-181115.udpipe to d:/RCompile/CRANpkg/local/3.6/udpipe.Rcheck/vign_test/udpipe/vignettes/spanish-gsd-ud-2.3-181115.udpipe
    trying URL 'https://raw.githubusercontent.com/jwijffels/udpipe.models.ud.2.3/master/inst/udpipe-ud-2.3-181115/spanish-gsd-ud-2.3-181115.udpipe'
    Warning in utils::download.file(url = url, destfile = to, mode = "wb") :
     InternetOpenUrl failed: 'Das Zeitlimit für den Vorgang wurde erreicht.'
    Quitting from lines 53-61 (udpipe-usecase-postagging-lemmatisation.Rmd)
    Error: processing vignette 'udpipe-usecase-postagging-lemmatisation.Rmd' failed with diagnostics:
    cannot open URL 'https://raw.githubusercontent.com/jwijffels/udpipe.models.ud.2.3/master/inst/udpipe-ud-2.3-181115/spanish-gsd-ud-2.3-181115.udpipe'
    --- failed re-building 'udpipe-usecase-postagging-lemmatisation.Rmd'
    
    --- re-building 'udpipe-usecase-topicmodelling.Rmd' using rmarkdown
    Warning in engine$weave(file, quiet = quiet, encoding = enc) :
     The vignette engine knitr::rmarkdown is not available, because the rmarkdown package is not installed. Please install it.
    Downloading udpipe model from https://raw.githubusercontent.com/jwijffels/udpipe.models.ud.2.3/master/inst/udpipe-ud-2.3-181115/french-gsd-ud-2.3-181115.udpipe to d:/RCompile/CRANpkg/local/3.6/udpipe.Rcheck/vign_test/udpipe/vignettes/french-gsd-ud-2.3-181115.udpipe
    trying URL 'https://raw.githubusercontent.com/jwijffels/udpipe.models.ud.2.3/master/inst/udpipe-ud-2.3-181115/french-gsd-ud-2.3-181115.udpipe'
    Content type 'application/octet-stream' length 21885625 bytes (20.9 MB)
    ==================================================
    downloaded 20.9 MB
    
    --- finished re-building 'udpipe-usecase-topicmodelling.Rmd'
    
    SUMMARY: processing the following file failed:
     'udpipe-usecase-postagging-lemmatisation.Rmd'
    
    Error: Vignette re-building failed.
    Execution halted
Flavor: r-release-windows-ix86+x86_64