CRAN Package Check Results for Package ukpolice

Last updated on 2021-07-27 23:51:36 CEST.

Flavor Version Tinstall Tcheck Ttotal Status Flags
r-devel-linux-x86_64-debian-clang 0.2.2 3.90 38.98 42.88 NOTE
r-devel-linux-x86_64-debian-gcc 0.2.2 2.78 30.13 32.91 NOTE
r-devel-linux-x86_64-fedora-clang 0.2.2 59.84 NOTE
r-devel-linux-x86_64-fedora-gcc 0.2.2 49.54 NOTE
r-devel-windows-x86_64 0.2.2 6.00 57.00 63.00 NOTE
r-devel-windows-x86_64-gcc10-UCRT 0.2.2 NOTE
r-patched-linux-x86_64 0.2.2 4.00 37.12 41.12 NOTE
r-patched-solaris-x86 0.2.2 77.90 NOTE
r-release-linux-x86_64 0.2.2 3.77 36.62 40.39 NOTE
r-release-macos-arm64 0.2.2 NOTE
r-release-macos-x86_64 0.2.2 NOTE
r-release-windows-ix86+x86_64 0.2.2 9.00 52.00 61.00 NOTE
r-oldrel-macos-x86_64 0.2.2 OK
r-oldrel-windows-ix86+x86_64 0.2.2 8.00 60.00 68.00 OK

Check Details

Version: 0.2.2
Check: LazyData
Result: NOTE
     'LazyData' is specified without a 'data' directory
Flavors: r-devel-linux-x86_64-debian-clang, r-devel-linux-x86_64-debian-gcc, r-devel-linux-x86_64-fedora-clang, r-devel-linux-x86_64-fedora-gcc, r-devel-windows-x86_64, r-devel-windows-x86_64-gcc10-UCRT, r-patched-linux-x86_64, r-patched-solaris-x86, r-release-linux-x86_64, r-release-macos-arm64, r-release-macos-x86_64, r-release-windows-ix86+x86_64