Last updated on 2024-04-19 00:12:14 CEST.
Flavor | Version | Tinstall | Tcheck | Ttotal | Status | Flags |
---|---|---|---|---|---|---|
r-devel-linux-x86_64-debian-clang | 4.20.0 | 42.23 | 1003.03 | 1045.26 | OK | |
r-devel-linux-x86_64-debian-gcc | 4.20.0 | 35.59 | 761.36 | 796.95 | OK | |
r-devel-linux-x86_64-fedora-clang | 4.20.0 | 741.26 | NOTE | |||
r-devel-linux-x86_64-fedora-gcc | 4.20.0 | 1227.40 | NOTE | |||
r-prerel-macos-arm64 | 4.20.0 | 300.00 | NOTE | |||
r-prerel-macos-x86_64 | 4.20.0 | 746.00 | NOTE | |||
r-prerel-windows-x86_64 | 4.20.0 | 43.00 | 803.00 | 846.00 | NOTE | |
r-patched-linux-x86_64 | 4.20.0 | 58.13 | 1042.06 | 1100.19 | OK | |
r-release-linux-x86_64 | 4.20.0 | 28.36 | 1028.94 | 1057.30 | OK | |
r-release-macos-arm64 | 4.20.0 | 303.00 | NOTE | |||
r-release-macos-x86_64 | 4.20.0 | 738.00 | NOTE | |||
r-release-windows-x86_64 | 4.20.0 | 53.00 | 1056.00 | 1109.00 | NOTE | |
r-oldrel-macos-arm64 | 4.20.0 | 273.00 | NOTE | |||
r-oldrel-windows-x86_64 | 4.20.0 | 50.00 | 944.00 | 994.00 | NOTE |
Version: 4.20.0
Check: package dependencies
Result: NOTE
Imports includes 25 non-default packages.
Importing from so many packages makes the package vulnerable to any of
them becoming unavailable. Move as many as possible to Suggests and
use conditionally.
Flavor: r-devel-linux-x86_64-fedora-clang
Version: 4.20.0
Check: installed package size
Result: NOTE
installed size is 6.0Mb
sub-directories of 1Mb or more:
R 1.0Mb
help 4.4Mb
Flavors: r-devel-linux-x86_64-fedora-clang, r-prerel-macos-arm64, r-prerel-macos-x86_64, r-prerel-windows-x86_64, r-release-macos-arm64, r-release-macos-x86_64, r-release-windows-x86_64, r-oldrel-macos-arm64, r-oldrel-windows-x86_64
Version: 4.20.0
Check: dependencies in R code
Result: NOTE
Namespaces in Imports field not imported from:
‘foreign’ ‘psychTools’ ‘pwr’ ‘rmarkdown’
All declared Imports should be used.
Flavors: r-devel-linux-x86_64-fedora-clang, r-devel-linux-x86_64-fedora-gcc