Last updated on 2021-01-24 05:48:25 CET.
Flavor | Version | Tinstall | Tcheck | Ttotal | Status | Flags |
---|---|---|---|---|---|---|
r-devel-linux-x86_64-debian-clang | 4.2.5 | 36.85 | 342.95 | 379.80 | OK | |
r-devel-linux-x86_64-debian-gcc | 4.2.5 | 29.38 | 243.37 | 272.75 | OK | |
r-devel-linux-x86_64-fedora-clang | 4.2.5 | 448.91 | NOTE | |||
r-devel-linux-x86_64-fedora-gcc | 4.2.5 | 435.88 | OK | |||
r-devel-windows-ix86+x86_64 | 4.2.5 | 73.00 | 347.00 | 420.00 | NOTE | |
r-patched-linux-x86_64 | 4.2.5 | 31.71 | 302.11 | 333.82 | OK | |
r-patched-solaris-x86 | 4.2.5 | 411.10 | ERROR | |||
r-release-linux-x86_64 | 4.2.5 | 33.80 | 305.46 | 339.26 | OK | |
r-release-macos-x86_64 | 4.2.5 | NOTE | ||||
r-release-windows-ix86+x86_64 | 4.2.5 | 69.00 | 444.00 | 513.00 | NOTE | |
r-oldrel-macos-x86_64 | 4.2.5 | NOTE | ||||
r-oldrel-windows-ix86+x86_64 | 4.2.5 | 52.00 | 417.00 | 469.00 | NOTE |
Version: 4.2.5
Check: installed package size
Result: NOTE
installed size is 5.4Mb
sub-directories of 1Mb or more:
help 4.0Mb
Flavors: r-devel-linux-x86_64-fedora-clang, r-devel-windows-ix86+x86_64, r-patched-solaris-x86, r-release-macos-x86_64, r-release-windows-ix86+x86_64, r-oldrel-macos-x86_64, r-oldrel-windows-ix86+x86_64
Version: 4.2.5
Check: Rd cross-references
Result: NOTE
Undeclared package ‘sem’ in Rd xrefs
Flavor: r-devel-linux-x86_64-fedora-clang
Version: 4.2.5
Check: examples
Result: ERROR
Running examples in ‘umx-Ex.R’ failed
The error most likely occurred in:
> ### Name: RMSEA.MxModel
> ### Title: RMSEA function for MxModels
> ### Aliases: RMSEA.MxModel
>
> ### ** Examples
>
> require(umx)
> data(demoOneFactor)
> manifests = names(demoOneFactor)
>
> m1 = umxRAM("One Factor", data = demoOneFactor, type = "cov",
+ umxPath("G", to = manifests),
+ umxPath(var = manifests),
+ umxPath(var = "G", fixedAt = 1)
+ )
A latent variable 'G' was created.
Running One Factor with 10 parameters
*** caught segfault ***
address a4599d72, cause 'memory not mapped'
Flavor: r-patched-solaris-x86