CRAN Package Check Results for Package uniformly

Last updated on 2021-12-04 23:50:49 CET.

Flavor Version Tinstall Tcheck Ttotal Status Flags
r-devel-linux-x86_64-debian-clang 0.1.0 2.78 36.33 39.11 NOTE
r-devel-linux-x86_64-debian-gcc 0.1.0 2.15 28.30 30.45 NOTE
r-devel-linux-x86_64-fedora-clang 0.1.0 51.52 NOTE
r-devel-linux-x86_64-fedora-gcc 0.1.0 39.06 NOTE
r-devel-windows-x86_64-new-UL 0.1.0 12.00 68.00 80.00 NOTE
r-devel-windows-x86_64-new-TK 0.1.0 NOTE
r-devel-windows-x86_64-old 0.1.0 6.00 35.00 41.00 NOTE
r-patched-linux-x86_64 0.1.0 2.86 26.71 29.57 NOTE
r-release-linux-x86_64 0.1.0 2.59 26.82 29.41 NOTE
r-release-macos-arm64 0.1.0 NOTE
r-release-macos-x86_64 0.1.0 WARN
r-release-windows-ix86+x86_64 0.1.0 8.00 47.00 55.00 NOTE
r-oldrel-macos-x86_64 0.1.0 WARN
r-oldrel-windows-ix86+x86_64 0.1.0 7.00 49.00 56.00 OK

Check Details

Version: 0.1.0
Check: LazyData
Result: NOTE
     'LazyData' is specified without a 'data' directory
Flavors: r-devel-linux-x86_64-debian-clang, r-devel-linux-x86_64-debian-gcc, r-devel-linux-x86_64-fedora-clang, r-devel-linux-x86_64-fedora-gcc, r-devel-windows-x86_64-new-UL, r-devel-windows-x86_64-new-TK, r-devel-windows-x86_64-old, r-patched-linux-x86_64, r-release-linux-x86_64, r-release-macos-arm64, r-release-macos-x86_64, r-release-windows-ix86+x86_64

Version: 0.1.0
Check: re-building of vignette outputs
Result: WARN
    Error(s) in re-building vignettes:
     ...
    --- re-building ‘convexhull.Rmd’ using rmarkdown
    Warning in engine$weave(file, quiet = quiet, encoding = enc) :
     Pandoc (>= 1.12.3) not available. Falling back to R Markdown v1.
    Quitting from lines 93-98 (convexhull.Rmd)
    Error: processing vignette 'convexhull.Rmd' failed with diagnostics:
    invalid 'path' argument
    --- failed re-building ‘convexhull.Rmd’
    
    SUMMARY: processing the following file failed:
     ‘convexhull.Rmd’
    
    Error: Vignette re-building failed.
    Execution halted
Flavor: r-release-macos-x86_64

Version: 0.1.0
Check: re-building of vignette outputs
Result: WARN
    Error(s) in re-building vignettes:
     ...
    --- re-building ‘convexhull.Rmd’ using rmarkdown
    Warning in engine$weave(file, quiet = quiet, encoding = enc) :
     Pandoc (>= 1.12.3) and/or pandoc-citeproc not available. Falling back to R Markdown v1.
    Quitting from lines 93-98 (convexhull.Rmd)
    Error: processing vignette 'convexhull.Rmd' failed with diagnostics:
    cannot open the connection
    --- failed re-building ‘convexhull.Rmd’
    
    SUMMARY: processing the following file failed:
     ‘convexhull.Rmd’
    
    Error: Vignette re-building failed.
    Execution halted
Flavor: r-oldrel-macos-x86_64