Last updated on 2023-03-24 11:56:07 CET.
Flavor | Version | Tinstall | Tcheck | Ttotal | Status | Flags |
---|---|---|---|---|---|---|
r-devel-linux-x86_64-debian-clang | 1.1.1 | 5.56 | 122.59 | 128.15 | OK | |
r-devel-linux-x86_64-debian-gcc | 1.1.1 | 3.17 | 85.12 | 88.29 | OK | |
r-devel-linux-x86_64-fedora-clang | 1.1.1 | 161.21 | NOTE | |||
r-devel-linux-x86_64-fedora-gcc | 1.1.1 | 162.62 | NOTE | |||
r-patched-linux-x86_64 | 1.1.1 | 10.39 | 114.90 | 125.29 | OK | |
r-release-linux-x86_64 | 1.1.1 | 4.37 | 115.18 | 119.55 | OK | |
r-release-macos-arm64 | 1.1.1 | 42.00 | NOTE | |||
r-release-macos-x86_64 | 1.1.1 | 59.00 | NOTE | |||
r-release-windows-x86_64 | 1.1.1 | 92.00 | 183.00 | 275.00 | OK | |
r-oldrel-macos-arm64 | 1.1.1 | 36.00 | NOTE | |||
r-oldrel-macos-x86_64 | 1.1.1 | 58.00 | NOTE | |||
r-oldrel-windows-ix86+x86_64 | 1.1.1 | 11.00 | 164.00 | 175.00 | OK |
Version: 1.1.1
Check: dependencies in R code
Result: NOTE
Namespaces in Imports field not imported from:
‘extraDistr’ ‘logitnorm’ ‘nakagami’ ‘tibble’
All declared Imports should be used.
Flavors: r-devel-linux-x86_64-fedora-clang, r-devel-linux-x86_64-fedora-gcc, r-release-macos-arm64, r-release-macos-x86_64, r-oldrel-macos-arm64, r-oldrel-macos-x86_64