CRAN Package Check Results for Package urlchecker

Last updated on 2024-04-16 06:11:29 CEST.

Flavor Version Tinstall Tcheck Ttotal Status Flags
r-devel-linux-x86_64-debian-clang 1.0.1 2.32 22.54 24.86 OK
r-devel-linux-x86_64-debian-gcc 1.0.1 1.81 17.08 18.89 OK
r-devel-linux-x86_64-fedora-clang 1.0.1 31.50 NOTE
r-devel-linux-x86_64-fedora-gcc 1.0.1 29.18 NOTE
r-prerel-macos-arm64 1.0.1 14.00 OK
r-prerel-windows-x86_64 1.0.1 3.00 38.00 41.00 OK
r-patched-linux-x86_64 1.0.1 2.41 21.57 23.98 OK
r-release-linux-x86_64 1.0.1 2.22 20.86 23.08 OK
r-release-macos-arm64 1.0.1 15.00 OK
r-release-macos-x86_64 1.0.1 19.00 OK
r-release-windows-x86_64 1.0.1 3.00 38.00 41.00 OK
r-oldrel-macos-arm64 1.0.1 14.00 OK
r-oldrel-windows-x86_64 1.0.1 3.00 42.00 45.00 OK

Check Details

Version: 1.0.1
Check: dependencies in R code
Result: NOTE Namespace in Imports field not imported from: ‘xml2’ All declared Imports should be used. Flavors: r-devel-linux-x86_64-fedora-clang, r-devel-linux-x86_64-fedora-gcc