Last updated on 2021-02-27 23:50:53 CET.
Flavor | Version | Tinstall | Tcheck | Ttotal | Status | Flags |
---|---|---|---|---|---|---|
r-devel-linux-x86_64-debian-clang | 3.9.2 | 9.28 | 410.80 | 420.08 | OK | |
r-devel-linux-x86_64-debian-gcc | 3.9.2 | 6.35 | 314.16 | 320.51 | OK | |
r-devel-linux-x86_64-fedora-clang | 3.9.2 | 393.67 | NOTE | |||
r-devel-linux-x86_64-fedora-gcc | 3.9.2 | 464.72 | OK | |||
r-devel-windows-ix86+x86_64 | 3.9.2 | 15.00 | 672.00 | 687.00 | OK | |
r-patched-linux-x86_64 | 3.9.2 | 8.45 | 389.18 | 397.63 | OK | |
r-patched-solaris-x86 | 3.9.2 | 681.20 | OK | |||
r-release-linux-x86_64 | 3.9.2 | 7.95 | 386.81 | 394.76 | OK | |
r-release-macos-x86_64 | 3.9.2 | OK | ||||
r-release-windows-ix86+x86_64 | 3.9.2 | 27.00 | 814.00 | 841.00 | OK | |
r-oldrel-macos-x86_64 | 3.9.2 | NOTE | ||||
r-oldrel-windows-ix86+x86_64 | 3.9.2 | 13.00 | 820.00 | 833.00 | NOTE |
Version: 3.9.2
Check: Rd cross-references
Result: NOTE
Undeclared package ‘rje’ in Rd xrefs
Flavor: r-devel-linux-x86_64-fedora-clang
Version: 3.9.2
Check: dependencies in R code
Result: NOTE
No protocol specified
No protocol specified
Flavor: r-oldrel-macos-x86_64
Version: 3.9.2
Check: R code for possible problems
Result: NOTE
.geomap: no visible global function definition for ‘list2DF’
Undefined global functions or variables:
list2DF
Flavors: r-oldrel-macos-x86_64, r-oldrel-windows-ix86+x86_64