CRAN Package Check Results for Package userfriendlyscience

Last updated on 2019-05-25 17:48:29 CEST.

Flavor Version Tinstall Tcheck Ttotal Status Flags
r-devel-linux-x86_64-debian-clang 0.7.2 31.37 238.70 270.07 OK
r-devel-linux-x86_64-debian-gcc 0.7.2 27.41 181.99 209.40 OK
r-devel-linux-x86_64-fedora-clang 0.7.2 1.52 ERROR
r-devel-linux-x86_64-fedora-gcc 0.7.2 218.43 OK
r-devel-windows-ix86+x86_64 0.7.2 61.00 332.00 393.00 OK
r-patched-linux-x86_64 0.7.2 OK
r-patched-solaris-x86 0.7.2 62.20 ERROR
r-release-linux-x86_64 0.7.2 31.19 240.06 271.25 OK
r-release-windows-ix86+x86_64 0.7.2 101.00 333.00 434.00 OK
r-release-osx-x86_64 0.7.2 OK
r-oldrel-windows-ix86+x86_64 0.7.2 59.00 329.00 388.00 OK
r-oldrel-osx-x86_64 0.7.2 OK

Check Details

Version: 0.7.2
Check: package dependencies
Result: ERROR
    Package required but not available: ‘MBESS’
    
    See section ‘The DESCRIPTION file’ in the ‘Writing R Extensions’
    manual.
Flavors: r-devel-linux-x86_64-fedora-clang, r-patched-solaris-x86