Last updated on 2024-08-16 11:49:54 CEST.
Flavor | Version | Tinstall | Tcheck | Ttotal | Status | Flags |
---|---|---|---|---|---|---|
r-devel-linux-x86_64-debian-clang | 3.0.0 | 10.40 | 156.85 | 167.25 | OK | |
r-devel-linux-x86_64-debian-gcc | 3.0.0 | 6.97 | 106.74 | 113.71 | OK | |
r-devel-linux-x86_64-fedora-clang | 3.0.0 | 279.44 | NOTE | |||
r-devel-linux-x86_64-fedora-gcc | 3.0.0 | 276.43 | OK | |||
r-devel-windows-x86_64 | 3.0.0 | 14.00 | 331.00 | 345.00 | OK | |
r-patched-linux-x86_64 | 3.0.0 | 11.71 | 148.14 | 159.85 | OK | |
r-release-linux-x86_64 | 3.0.0 | 9.87 | 148.17 | 158.04 | OK | |
r-release-macos-arm64 | 3.0.0 | 59.00 | OK | |||
r-release-macos-x86_64 | 3.0.0 | 174.00 | OK | |||
r-release-windows-x86_64 | 3.0.0 | 13.00 | 329.00 | 342.00 | OK | |
r-oldrel-macos-arm64 | 3.0.0 | 69.00 | OK | |||
r-oldrel-macos-x86_64 | 3.0.0 | 122.00 | OK | |||
r-oldrel-windows-x86_64 | 3.0.0 | 16.00 | 283.00 | 299.00 | OK |
Version: 3.0.0
Check: Rd cross-references
Result: NOTE
Undeclared package ‘devtools’ in Rd xrefs
Flavor: r-devel-linux-x86_64-fedora-clang