CRAN Package Check Results for Package ustyc

Last updated on 2022-08-20 00:52:16 CEST.

Flavor Version Tinstall Tcheck Ttotal Status Flags
r-devel-linux-x86_64-debian-clang 1.0.0 3.74 35.00 38.74 NOTE
r-devel-linux-x86_64-debian-gcc 1.0.0 2.75 27.26 30.01 NOTE
r-devel-linux-x86_64-fedora-clang 1.0.0 56.13 NOTE
r-devel-linux-x86_64-fedora-gcc 1.0.0 57.97 NOTE
r-devel-windows-x86_64 1.0.0 9.00 57.00 66.00 NOTE
r-patched-linux-x86_64 1.0.0 3.59 33.51 37.10 NOTE
r-release-linux-x86_64 1.0.0 NOTE
r-release-macos-arm64 1.0.0 19.00 NOTE
r-release-macos-x86_64 1.0.0 26.00 NOTE
r-release-windows-x86_64 1.0.0 10.00 61.00 71.00 NOTE
r-oldrel-macos-arm64 1.0.0 22.00 NOTE
r-oldrel-macos-x86_64 1.0.0 34.00 NOTE
r-oldrel-windows-ix86+x86_64 1.0.0 8.00 58.00 66.00 NOTE

Check Details

Version: 1.0.0
Check: DESCRIPTION meta-information
Result: NOTE
    Malformed Title field: should not end in a period.
Flavors: r-devel-linux-x86_64-debian-clang, r-devel-linux-x86_64-debian-gcc, r-devel-linux-x86_64-fedora-clang, r-devel-linux-x86_64-fedora-gcc, r-devel-windows-x86_64, r-patched-linux-x86_64, r-release-linux-x86_64, r-release-macos-arm64, r-release-macos-x86_64, r-release-windows-x86_64, r-oldrel-macos-arm64, r-oldrel-macos-x86_64, r-oldrel-windows-ix86+x86_64