CRAN Package Check Results for Package utiml

Last updated on 2021-01-22 11:50:30 CET.

Flavor Version Tinstall Tcheck Ttotal Status Flags
r-devel-linux-x86_64-debian-clang 0.1.6 8.55 133.54 142.09 OK
r-devel-linux-x86_64-debian-gcc 0.1.6 8.22 98.67 106.89 OK
r-devel-linux-x86_64-fedora-clang 0.1.6 175.86 OK
r-devel-linux-x86_64-fedora-gcc 0.1.6 160.16 OK
r-devel-windows-ix86+x86_64 0.1.6 21.00 131.00 152.00 OK
r-patched-linux-x86_64 0.1.6 9.81 125.58 135.39 OK
r-patched-solaris-x86 0.1.6 229.00 NOTE
r-release-linux-x86_64 0.1.6 9.51 126.78 136.29 OK
r-release-macos-x86_64 0.1.6 OK
r-release-windows-ix86+x86_64 0.1.6 41.00 186.00 227.00 OK
r-oldrel-macos-x86_64 0.1.6 OK
r-oldrel-windows-ix86+x86_64 0.1.6 16.00 120.00 136.00 OK

Check Details

Version: 0.1.6
Check: package dependencies
Result: NOTE
    Packages suggested but not available for checking: 'FSelector', 'RWeka'
Flavor: r-patched-solaris-x86