CRAN Package Check Results for Package vagalumeR

Last updated on 2023-04-01 11:51:44 CEST.

Flavor Version Tinstall Tcheck Ttotal Status Flags
r-devel-linux-x86_64-debian-clang 0.1.6 2.16 21.44 23.60 NOTE
r-devel-linux-x86_64-debian-gcc 0.1.6 1.69 16.96 18.65 NOTE
r-devel-linux-x86_64-fedora-clang 0.1.6 30.25 NOTE
r-devel-linux-x86_64-fedora-gcc 0.1.6 28.75 NOTE
r-patched-linux-x86_64 0.1.6 1.78 20.70 22.48 NOTE
r-release-linux-x86_64 0.1.6 1.90 22.16 24.06 NOTE
r-release-macos-arm64 0.1.6 15.00 NOTE
r-release-macos-x86_64 0.1.6 27.00 NOTE
r-release-windows-x86_64 0.1.6 11.00 55.00 66.00 NOTE
r-oldrel-macos-arm64 0.1.6 18.00 NOTE
r-oldrel-macos-x86_64 0.1.6 21.00 NOTE
r-oldrel-windows-ix86+x86_64 0.1.6 7.00 48.00 55.00 NOTE

Check Details

Version: 0.1.6
Check: LazyData
Result: NOTE
     'LazyData' is specified without a 'data' directory
Flavors: r-devel-linux-x86_64-debian-clang, r-devel-linux-x86_64-debian-gcc, r-devel-linux-x86_64-fedora-clang, r-devel-linux-x86_64-fedora-gcc, r-patched-linux-x86_64, r-release-linux-x86_64, r-release-macos-arm64, r-release-macos-x86_64, r-release-windows-x86_64, r-oldrel-macos-arm64, r-oldrel-macos-x86_64, r-oldrel-windows-ix86+x86_64