CRAN Package Check Results for Package validatejsonr

Last updated on 2019-03-26 05:50:55 CET.

Flavor Version Tinstall Tcheck Ttotal Status Flags
r-devel-linux-x86_64-debian-clang 1.0.4 21.49 25.03 46.52 OK
r-devel-linux-x86_64-debian-gcc 1.0.4 17.28 20.76 38.04 WARN
r-devel-linux-x86_64-fedora-clang 1.0.4 71.84 NOTE
r-devel-linux-x86_64-fedora-gcc 1.0.4 62.21 WARN
r-devel-windows-ix86+x86_64 1.0.4 55.00 78.00 133.00 OK
r-patched-linux-x86_64 1.0.4 23.21 23.85 47.06 WARN
r-patched-solaris-x86 1.0.4 66.90 OK
r-release-linux-x86_64 1.0.4 22.37 23.77 46.14 WARN
r-release-windows-ix86+x86_64 1.0.4 53.00 80.00 133.00 OK
r-release-osx-x86_64 1.0.4 OK
r-oldrel-windows-ix86+x86_64 1.0.4 43.00 70.00 113.00 OK
r-oldrel-osx-x86_64 1.0.4 OK

Check Details

Version: 1.0.4
Check: whether package can be installed
Result: WARN
    Found the following significant warnings:
     include/rapidjson/document.h:1952:24: warning: ‘void* memcpy(void*, const void*, size_t)’ writing to an object of type ‘rapidjson::GenericValue<rapidjson::UTF8<> >::Member’ {aka ‘struct rapidjson::GenericMember<rapidjson::UTF8<>, rapidjson::MemoryPoolAllocator<> >’} with no trivial copy-assignment; use copy-assignment instead [-Wclass-memaccess]
     include/rapidjson/document.h:1939:24: warning: ‘void* memcpy(void*, const void*, size_t)’ writing to an object of type ‘class rapidjson::GenericValue<rapidjson::UTF8<> >’ with no trivial copy-assignment; use copy-assignment or copy-initialization instead [-Wclass-memaccess]
     include/rapidjson/document.h:1952:24: warning: ‘void* memcpy(void*, const void*, size_t)’ writing to an object of type ‘rapidjson::GenericValue<rapidjson::UTF8<>, rapidjson::CrtAllocator>::Member’ {aka ‘struct rapidjson::GenericMember<rapidjson::UTF8<>, rapidjson::CrtAllocator>’} with no trivial copy-assignment; use copy-assignment instead [-Wclass-memaccess]
     include/rapidjson/document.h:1939:24: warning: ‘void* memcpy(void*, const void*, size_t)’ writing to an object of type ‘class rapidjson::GenericValue<rapidjson::UTF8<>, rapidjson::CrtAllocator>’ with no trivial copy-assignment; use copy-assignment or copy-initialization instead [-Wclass-memaccess]
Flavors: r-devel-linux-x86_64-debian-gcc, r-devel-linux-x86_64-fedora-gcc, r-patched-linux-x86_64, r-release-linux-x86_64

Version: 1.0.4
Check: compiled code
Result: NOTE
    File ‘validatejsonr/libs/validatejsonr.so’:
     Found no calls to: ‘R_registerRoutines’, ‘R_useDynamicSymbols’
    
    It is good practice to register native routines and to disable symbol
    search.
    
    See ‘Writing portable packages’ in the ‘Writing R Extensions’ manual.
Flavors: r-devel-linux-x86_64-fedora-clang, r-devel-linux-x86_64-fedora-gcc