CRAN Package Check Results for Package valr

Last updated on 2024-04-21 17:56:48 CEST.

Flavor Version Tinstall Tcheck Ttotal Status Flags
r-devel-linux-x86_64-debian-clang 0.8.0 0.76 2.28 3.04 ERROR
r-devel-linux-x86_64-debian-gcc 0.8.0 1.77 1.77 ERROR
r-devel-linux-x86_64-fedora-clang 0.8.0 1032.27 OK
r-devel-linux-x86_64-fedora-gcc 0.8.0 725.18 OK
r-prerel-macos-arm64 0.8.0 234.00 NOTE
r-prerel-macos-x86_64 0.8.0 492.00 NOTE
r-prerel-windows-x86_64 0.8.0 169.00 410.00 579.00 OK
r-patched-linux-x86_64 0.8.0 175.56 512.24 687.80 OK
r-release-linux-x86_64 0.8.0 169.08 518.96 688.04 OK
r-release-macos-arm64 0.8.0 245.00 NOTE
r-release-macos-x86_64 0.8.0 494.00 NOTE
r-release-windows-x86_64 0.8.0 222.00 545.00 767.00 OK
r-oldrel-macos-arm64 0.8.0 217.00 NOTE
r-oldrel-windows-x86_64 0.8.0 204.00 476.00 680.00 OK

Additional issues

noSuggests

Check Details

Version: 0.8.0
Check: package dependencies
Result: ERROR Package required but not available: ‘rtracklayer’ Package suggested but not available for checking: ‘GenomicRanges’ See section ‘The DESCRIPTION file’ in the ‘Writing R Extensions’ manual. Flavor: r-devel-linux-x86_64-debian-clang

Version: 0.8.0
Check: package dependencies
Result: ERROR Package required but not available: ‘rtracklayer’ See section ‘The DESCRIPTION file’ in the ‘Writing R Extensions’ manual. Flavor: r-devel-linux-x86_64-debian-gcc

Version: 0.8.0
Check: installed package size
Result: NOTE installed size is 7.3Mb sub-directories of 1Mb or more: libs 6.2Mb Flavors: r-prerel-macos-arm64, r-prerel-macos-x86_64, r-release-macos-arm64, r-release-macos-x86_64, r-oldrel-macos-arm64