Last updated on 2024-04-19 18:05:48 CEST.
Flavor | Version | Tinstall | Tcheck | Ttotal | Status | Flags |
---|---|---|---|---|---|---|
r-devel-linux-x86_64-debian-clang | 0.7.2 | 4.44 | 86.76 | 91.20 | OK | |
r-devel-linux-x86_64-debian-gcc | 0.7.2 | OK | ||||
r-devel-linux-x86_64-fedora-clang | 0.7.2 | 114.82 | NOTE | |||
r-devel-linux-x86_64-fedora-gcc | 0.7.2 | 118.13 | NOTE | |||
r-prerel-macos-arm64 | 0.7.2 | 40.00 | OK | |||
r-prerel-windows-x86_64 | 0.7.2 | 5.00 | 84.00 | 89.00 | OK | |
r-patched-linux-x86_64 | 0.7.2 | 2.54 | 81.98 | 84.52 | OK | |
r-release-linux-x86_64 | 0.7.2 | 2.45 | 78.68 | 81.13 | OK | |
r-release-macos-arm64 | 0.7.2 | 38.00 | OK | |||
r-release-macos-x86_64 | 0.7.2 | 67.00 | OK | |||
r-release-windows-x86_64 | 0.7.2 | 5.00 | 97.00 | 102.00 | OK | |
r-oldrel-macos-arm64 | 0.7.2 | 29.00 | NOTE | |||
r-oldrel-windows-x86_64 | 0.7.2 | 6.00 | 95.00 | 101.00 | OK |
Version: 0.7.2
Check: dependencies in R code
Result: NOTE
Namespace in Imports field not imported from: ‘testthat’
All declared Imports should be used.
Flavors: r-devel-linux-x86_64-fedora-clang, r-devel-linux-x86_64-fedora-gcc, r-oldrel-macos-arm64