Last updated on 2023-09-24 05:53:25 CEST.
Flavor | Version | Tinstall | Tcheck | Ttotal | Status | Flags |
---|---|---|---|---|---|---|
r-devel-linux-x86_64-debian-clang | 0.9.5 | 139.84 | 70.14 | 209.98 | OK | |
r-devel-linux-x86_64-debian-gcc | 0.9.5 | 91.83 | 53.16 | 144.99 | OK | |
r-devel-linux-x86_64-fedora-clang | 0.9.5 | 286.89 | OK | |||
r-devel-linux-x86_64-fedora-gcc | 0.9.5 | 298.87 | OK | |||
r-devel-windows-x86_64 | 0.9.5 | 99.00 | 529.00 | 628.00 | NOTE | |
r-patched-linux-x86_64 | 0.9.5 | 137.30 | 68.24 | 205.54 | OK | |
r-release-linux-x86_64 | 0.9.5 | 140.16 | 67.13 | 207.29 | OK | |
r-release-macos-arm64 | 0.9.5 | 123.00 | NOTE | |||
r-release-macos-x86_64 | 0.9.5 | 158.00 | NOTE | |||
r-release-windows-x86_64 | 0.9.5 | 113.00 | 673.00 | 786.00 | NOTE | |
r-oldrel-macos-arm64 | 0.9.5 | 112.00 | NOTE | |||
r-oldrel-macos-x86_64 | 0.9.5 | 138.00 | NOTE | |||
r-oldrel-windows-x86_64 | 0.9.5 | 176.00 | 559.00 | 735.00 | NOTE |
Version: 0.9.5
Check: installed package size
Result: NOTE
installed size is 97.1Mb
sub-directories of 1Mb or more:
extdata 2.8Mb
gdal 2.9Mb
libs 81.9Mb
proj 8.3Mb
Flavors: r-devel-windows-x86_64, r-release-macos-arm64, r-release-macos-x86_64, r-release-windows-x86_64, r-oldrel-macos-arm64, r-oldrel-macos-x86_64, r-oldrel-windows-x86_64