CRAN Package Check Results for Package varbin

Last updated on 2021-07-31 23:50:46 CEST.

Flavor Version Tinstall Tcheck Ttotal Status Flags
r-devel-linux-x86_64-debian-clang 0.2.1 2.22 23.76 25.98 NOTE
r-devel-linux-x86_64-debian-gcc 0.2.1 1.99 18.69 20.68 NOTE
r-devel-linux-x86_64-fedora-clang 0.2.1 41.63 NOTE
r-devel-linux-x86_64-fedora-gcc 0.2.1 30.44 NOTE
r-devel-windows-x86_64 0.2.1 9.00 39.00 48.00 NOTE
r-devel-windows-x86_64-gcc10-UCRT 0.2.1 NOTE
r-patched-linux-x86_64 0.2.1 NOTE
r-patched-solaris-x86 0.2.1 46.90 NOTE
r-release-linux-x86_64 0.2.1 2.06 23.35 25.41 NOTE
r-release-macos-arm64 0.2.1 NOTE
r-release-macos-x86_64 0.2.1 NOTE
r-release-windows-ix86+x86_64 0.2.1 5.00 29.00 34.00 NOTE
r-oldrel-macos-x86_64 0.2.1 OK
r-oldrel-windows-ix86+x86_64 0.2.1 5.00 35.00 40.00 OK

Check Details

Version: 0.2.1
Check: LazyData
Result: NOTE
     'LazyData' is specified without a 'data' directory
Flavors: r-devel-linux-x86_64-debian-clang, r-devel-linux-x86_64-debian-gcc, r-devel-linux-x86_64-fedora-clang, r-devel-linux-x86_64-fedora-gcc, r-devel-windows-x86_64, r-devel-windows-x86_64-gcc10-UCRT, r-patched-linux-x86_64, r-patched-solaris-x86, r-release-linux-x86_64, r-release-macos-arm64, r-release-macos-x86_64, r-release-windows-ix86+x86_64