Last updated on 2024-04-27 17:54:33 CEST.
Flavor | Version | Tinstall | Tcheck | Ttotal | Status | Flags |
---|---|---|---|---|---|---|
r-devel-linux-x86_64-debian-clang | 1.1 | 5.70 | 37.77 | 43.47 | OK | |
r-devel-linux-x86_64-debian-gcc | 1.1 | 3.84 | 28.74 | 32.58 | OK | |
r-devel-linux-x86_64-fedora-clang | 1.1 | 55.88 | NOTE | |||
r-devel-linux-x86_64-fedora-gcc | 1.1 | 51.12 | OK | |||
r-devel-windows-x86_64 | 1.1 | 5.00 | 51.00 | 56.00 | OK | |
r-patched-linux-x86_64 | 1.1 | 5.40 | 36.02 | 41.42 | OK | |
r-release-linux-x86_64 | 1.1 | 4.66 | 36.32 | 40.98 | OK | |
r-release-macos-arm64 | 1.1 | 19.00 | OK | |||
r-release-macos-x86_64 | 1.1 | 49.00 | OK | |||
r-release-windows-x86_64 | 1.1 | 5.00 | 52.00 | 57.00 | OK | |
r-oldrel-macos-arm64 | 1.1 | 24.00 | OK | |||
r-oldrel-macos-x86_64 | 1.1 | 40.00 | OK | |||
r-oldrel-windows-x86_64 | 1.1 | 6.00 | 52.00 | 58.00 | OK |
Version: 1.1
Check: Rd cross-references
Result: NOTE
Undeclared packages ‘coin’, ‘outliers’, ‘PMCMRplus’, ‘car’ in Rd xrefs
Flavor: r-devel-linux-x86_64-fedora-clang