Last updated on 2024-08-16 11:49:54 CEST.
Flavor | Version | Tinstall | Tcheck | Ttotal | Status | Flags |
---|---|---|---|---|---|---|
r-devel-linux-x86_64-debian-clang | 1.0.1 | 18.13 | 63.12 | 81.25 | NOTE | |
r-devel-linux-x86_64-debian-gcc | 1.0.1 | 13.84 | 45.55 | 59.39 | NOTE | |
r-devel-linux-x86_64-fedora-clang | 1.0.1 | 139.03 | NOTE | |||
r-devel-linux-x86_64-fedora-gcc | 1.0.1 | 140.15 | NOTE | |||
r-devel-windows-x86_64 | 1.0.1 | 23.00 | 93.00 | 116.00 | NOTE | |
r-patched-linux-x86_64 | 1.0.1 | 19.34 | 57.90 | 77.24 | NOTE | |
r-release-linux-x86_64 | 1.0.1 | 19.55 | 59.16 | 78.71 | NOTE | |
r-release-macos-arm64 | 1.0.1 | 40.00 | NOTE | |||
r-release-macos-x86_64 | 1.0.1 | 58.00 | NOTE | |||
r-release-windows-x86_64 | 1.0.1 | 24.00 | 92.00 | 116.00 | NOTE | |
r-oldrel-macos-arm64 | 1.0.1 | 46.00 | NOTE | |||
r-oldrel-macos-x86_64 | 1.0.1 | 75.00 | NOTE | |||
r-oldrel-windows-x86_64 | 1.0.1 | 28.00 | 110.00 | 138.00 | NOTE |
Version: 1.0.1
Check: package subdirectories
Result: NOTE
Problems with news in ‘NEWS.md’:
No news entries found.
Flavors: r-devel-linux-x86_64-debian-clang, r-devel-linux-x86_64-debian-gcc, r-devel-linux-x86_64-fedora-clang, r-devel-linux-x86_64-fedora-gcc, r-devel-windows-x86_64, r-patched-linux-x86_64, r-release-linux-x86_64, r-release-macos-arm64, r-release-macos-x86_64, r-release-windows-x86_64, r-oldrel-macos-arm64, r-oldrel-macos-x86_64, r-oldrel-windows-x86_64