CRAN Package Check Results for Package vasicekreg

Last updated on 2023-12-02 11:49:44 CET.

Flavor Version Tinstall Tcheck Ttotal Status Flags
r-devel-linux-x86_64-debian-clang 1.0.1 30.58 79.72 110.30 NOTE
r-devel-linux-x86_64-debian-gcc 1.0.1 24.14 59.58 83.72 NOTE
r-devel-linux-x86_64-fedora-clang 1.0.1 154.99 NOTE
r-devel-linux-x86_64-fedora-gcc 1.0.1 146.16 NOTE
r-devel-windows-x86_64 1.0.1 30.00 98.00 128.00 NOTE
r-patched-linux-x86_64 1.0.1 31.67 75.76 107.43 NOTE
r-release-linux-x86_64 1.0.1 27.84 75.66 103.50 NOTE
r-release-macos-arm64 1.0.1 46.00 NOTE
r-release-macos-x86_64 1.0.1 75.00 NOTE
r-release-windows-x86_64 1.0.1 36.00 111.00 147.00 NOTE
r-oldrel-macos-arm64 1.0.1 43.00 OK
r-oldrel-macos-x86_64 1.0.1 57.00 OK
r-oldrel-windows-x86_64 1.0.1 35.00 110.00 145.00 OK

Check Details

Version: 1.0.1
Check: package subdirectories
Result: NOTE Problems with news in ‘NEWS.md’: No news entries found. Flavors: r-devel-linux-x86_64-debian-clang, r-devel-linux-x86_64-debian-gcc, r-devel-linux-x86_64-fedora-clang, r-devel-linux-x86_64-fedora-gcc, r-devel-windows-x86_64, r-patched-linux-x86_64, r-release-linux-x86_64, r-release-macos-arm64, r-release-macos-x86_64, r-release-windows-x86_64