CRAN Package Check Results for Package vcr

Last updated on 2024-02-22 00:58:45 CET.

Flavor Version Tinstall Tcheck Ttotal Status Flags
r-devel-linux-x86_64-debian-clang 1.2.2 ERROR
r-devel-linux-x86_64-debian-gcc 1.2.2 17.36 71.40 88.76 OK
r-devel-linux-x86_64-fedora-clang 1.2.2 144.15 NOTE
r-devel-linux-x86_64-fedora-gcc 1.2.2 157.47 OK
r-devel-windows-x86_64 1.2.2 20.00 108.00 128.00 NOTE
r-patched-linux-x86_64 1.2.2 25.23 90.91 116.14 OK
r-release-linux-x86_64 1.2.2 21.78 90.53 112.31 OK
r-release-macos-arm64 1.2.2 64.00 NOTE
r-release-macos-x86_64 1.2.2 131.00 NOTE
r-release-windows-x86_64 1.2.2 27.00 124.00 151.00 NOTE
r-oldrel-macos-arm64 1.2.2 66.00 NOTE
r-oldrel-windows-x86_64 1.2.2 26.00 118.00 144.00 NOTE

Check Details

Version: 1.2.2
Check: tests
Result: ERROR Running ‘test-all.R’ [2s/9s] Running the tests in ‘tests/test-all.R’ failed. Complete output: > library("testthat") > library('vcr') > test_check("vcr") https://hb.opencpu.org is down Timeout was reached: [hb.opencpu.org] Connection timed out after 5002 milliseconds Error in `FUN()`: ! In path: "/home/hornik/tmp/R.check/r-devel-clang/Work/PKGS/vcr.Rcheck/tests/testthat/helper-vcr.R" Caused by error in `vapply()`: ! values must be length 1, but FUN(X[[1]]) result is length 0 Backtrace: ▆ 1. ├─testthat::test_check("vcr") 2. │ └─testthat::test_dir(...) 3. │ └─testthat:::test_files(...) 4. │ └─testthat:::test_files_serial(...) 5. │ └─testthat:::test_files_setup_state(...) 6. │ └─testthat::source_test_helpers(".", env) 7. │ └─testthat::source_dir(path, "^helper.*\\.[rR]$", env = env, wrap = FALSE) 8. │ └─base::lapply(...) 9. │ └─testthat (local) FUN(X[[i]], ...) 10. │ └─testthat::source_file(path, env = env, chdir = chdir, wrap = wrap) 11. │ ├─base::withCallingHandlers(...) 12. │ └─base::eval(exprs, env) 13. │ └─base::eval(exprs, env) 14. │ └─base::vapply(out, "[[", 1, "status_code") at tests/testthat/helper-vcr.R:82:1 15. └─base::.handleSimpleError(...) 16. └─testthat (local) h(simpleError(msg, call)) 17. └─rlang::abort(...) Execution halted Flavor: r-devel-linux-x86_64-debian-clang

Version: 1.2.2
Check: installed package size
Result: NOTE installed size is 8.6Mb sub-directories of 1Mb or more: doc 7.5Mb Flavors: r-devel-linux-x86_64-fedora-clang, r-devel-windows-x86_64, r-release-macos-arm64, r-release-macos-x86_64, r-release-windows-x86_64, r-oldrel-macos-arm64, r-oldrel-windows-x86_64