Last updated on 2023-01-28 17:51:26 CET.
Flavor | Version | Tinstall | Tcheck | Ttotal | Status | Flags |
---|---|---|---|---|---|---|
r-devel-linux-x86_64-debian-clang | 0.5.1 | 48.53 | 234.54 | 283.07 | OK | |
r-devel-linux-x86_64-debian-gcc | 0.5.2 | 37.78 | 176.21 | 213.99 | NOTE | |
r-devel-linux-x86_64-fedora-clang | 0.5.2 | 346.50 | NOTE | |||
r-devel-linux-x86_64-fedora-gcc | 0.5.2 | 361.59 | NOTE | |||
r-patched-linux-x86_64 | 0.5.2 | 42.00 | 214.72 | 256.72 | OK | |
r-release-linux-x86_64 | 0.5.2 | 39.98 | 212.86 | 252.84 | OK | |
r-release-macos-arm64 | 0.5.2 | 70.00 | OK | |||
r-release-macos-x86_64 | 0.5.2 | 121.00 | OK | |||
r-release-windows-x86_64 | 0.5.2 | 128.00 | 204.00 | 332.00 | OK | |
r-oldrel-macos-arm64 | 0.5.2 | 68.00 | OK | |||
r-oldrel-macos-x86_64 | 0.5.2 | 123.00 | OK | |||
r-oldrel-windows-ix86+x86_64 | 0.5.2 | 142.00 | 420.00 | 562.00 | OK |
Version: 0.5.2
Check: C++ specification
Result: NOTE
Specified C++11: please update to current default of C++17
Flavors: r-devel-linux-x86_64-debian-gcc, r-devel-linux-x86_64-fedora-clang, r-devel-linux-x86_64-fedora-gcc