Last updated on 2021-03-06 23:48:44 CET.
Flavor | Version | Tinstall | Tcheck | Ttotal | Status | Flags |
---|---|---|---|---|---|---|
r-devel-linux-x86_64-debian-clang | 0.3.3 | 42.78 | 38.93 | 81.71 | OK | |
r-devel-linux-x86_64-debian-gcc | 0.3.3 | 26.60 | 29.98 | 56.58 | OK | |
r-devel-linux-x86_64-fedora-clang | 0.3.3 | 119.36 | NOTE | |||
r-devel-linux-x86_64-fedora-gcc | 0.3.3 | 97.47 | NOTE | |||
r-devel-windows-ix86+x86_64 | 0.3.2.1 | 95.00 | 89.00 | 184.00 | OK | |
r-patched-linux-x86_64 | 0.3.3 | 33.92 | 52.11 | 86.03 | OK | |
r-patched-solaris-x86 | 0.3.3 | 139.20 | NOTE | |||
r-release-linux-x86_64 | 0.3.3 | 33.52 | 51.97 | 85.49 | OK | |
r-release-macos-x86_64 | 0.3.3 | NOTE | ||||
r-release-windows-ix86+x86_64 | 0.3.3 | 70.00 | 103.00 | 173.00 | OK | |
r-oldrel-macos-x86_64 | 0.3.3 | NOTE | ||||
r-oldrel-windows-ix86+x86_64 | 0.3.3 | 66.00 | 93.00 | 159.00 | OK |
Version: 0.3.3
Check: dependencies in R code
Result: NOTE
Namespace in Imports field not imported from: ‘freetypeharfbuzz’
All declared Imports should be used.
Flavors: r-devel-linux-x86_64-fedora-clang, r-devel-linux-x86_64-fedora-gcc, r-patched-solaris-x86, r-release-macos-x86_64, r-oldrel-macos-x86_64