Last updated on 2024-04-24 06:19:32 CEST.
Flavor | Version | Tinstall | Tcheck | Ttotal | Status | Flags |
---|---|---|---|---|---|---|
r-devel-linux-x86_64-debian-clang | 1.0.7 | 23.41 | 33.13 | 56.54 | NOTE | |
r-devel-linux-x86_64-debian-gcc | 1.0.7 | 13.75 | 25.26 | 39.01 | NOTE | |
r-devel-linux-x86_64-fedora-clang | 1.0.7 | 133.30 | NOTE | |||
r-devel-linux-x86_64-fedora-gcc | 1.0.7 | 66.57 | NOTE | |||
r-prerel-macos-arm64 | 1.0.7 | 48.00 | NOTE | |||
r-prerel-windows-x86_64 | 1.0.7 | 18.00 | 66.00 | 84.00 | NOTE | |
r-patched-linux-x86_64 | 1.0.7 | 13.25 | 31.66 | 44.91 | NOTE | |
r-release-linux-x86_64 | 1.0.7 | 12.15 | 31.21 | 43.36 | NOTE | |
r-release-macos-arm64 | 1.0.7 | 49.00 | NOTE | |||
r-release-macos-x86_64 | 1.0.7 | 123.00 | NOTE | |||
r-release-windows-x86_64 | 1.0.7 | 23.00 | 74.00 | 97.00 | NOTE | |
r-oldrel-macos-arm64 | 1.0.7 | 54.00 | OK | |||
r-oldrel-windows-x86_64 | 1.0.7 | 22.00 | 121.00 | 143.00 | OK |
Version: 1.0.7
Check: C++ specification
Result: NOTE
Specified C++11: please drop specification unless essential
Flavors: r-devel-linux-x86_64-debian-clang, r-devel-linux-x86_64-debian-gcc, r-devel-linux-x86_64-fedora-clang, r-devel-linux-x86_64-fedora-gcc, r-prerel-macos-arm64, r-prerel-windows-x86_64, r-patched-linux-x86_64, r-release-linux-x86_64, r-release-macos-arm64, r-release-macos-x86_64, r-release-windows-x86_64
Version: 1.0.7
Check: compiled code
Result: NOTE
File ‘vdiffr/libs/vdiffr.so’:
Found non-API calls to R: ‘SETLENGTH’, ‘SET_TRUELENGTH’
Compiled code should not call non-API entry points in R.
See ‘Writing portable packages’ in the ‘Writing R Extensions’ manual.
Flavors: r-devel-linux-x86_64-debian-clang, r-devel-linux-x86_64-debian-gcc, r-devel-linux-x86_64-fedora-clang, r-devel-linux-x86_64-fedora-gcc