CRAN Package Check Results for Package vegan3d

Last updated on 2020-11-27 17:49:29 CET.

Flavor Version Tinstall Tcheck Ttotal Status Flags
r-devel-linux-x86_64-debian-clang 1.1-2 10.42 82.79 93.21 OK
r-devel-linux-x86_64-debian-gcc 1.1-2 9.03 64.68 73.71 OK
r-devel-linux-x86_64-fedora-clang 1.1-2 120.34 OK
r-devel-linux-x86_64-fedora-gcc 1.1-2 107.77 OK
r-devel-windows-ix86+x86_64 1.1-2 4.00 6.00 10.00 ERROR
r-patched-linux-x86_64 1.1-2 10.05 88.50 98.55 OK
r-patched-solaris-x86 1.1-2 166.80 OK
r-release-linux-x86_64 1.1-2 11.01 80.47 91.48 OK
r-release-macos-x86_64 1.1-2 OK
r-release-windows-ix86+x86_64 1.1-2 23.00 110.00 133.00 OK
r-oldrel-macos-x86_64 1.1-2 WARN
r-oldrel-windows-ix86+x86_64 1.1-2 19.00 79.00 98.00 OK

Check Details

Version: 1.1-2
Check: whether package can be installed
Result: ERROR
    Installation failed.
Flavor: r-devel-windows-ix86+x86_64

Version: 1.1-2
Check: whether package can be installed
Result: WARN
    Found the following significant warnings:
     Warning: 'rgl_init' failed, running with rgl.useNULL = TRUE
Flavor: r-oldrel-macos-x86_64