Last updated on 2023-05-28 12:02:05 CEST.
Flavor | Version | Tinstall | Tcheck | Ttotal | Status | Flags |
---|---|---|---|---|---|---|
r-devel-linux-x86_64-debian-clang | 0.1.8 | 14.07 | 135.96 | 150.03 | OK | |
r-devel-linux-x86_64-debian-gcc | 0.1.8 | 11.15 | 106.84 | 117.99 | OK | |
r-devel-linux-x86_64-fedora-clang | 0.1.8 | 200.80 | NOTE | |||
r-devel-linux-x86_64-fedora-gcc | 0.1.8 | 177.40 | NOTE | |||
r-devel-windows-x86_64 | 0.1.8 | 13.00 | 128.00 | 141.00 | OK | |
r-patched-linux-x86_64 | 0.1.8 | 21.48 | 130.62 | 152.10 | OK | |
r-release-linux-x86_64 | 0.1.8 | 11.64 | 131.86 | 143.50 | OK | |
r-release-macos-arm64 | 0.1.8 | 61.00 | OK | |||
r-release-macos-x86_64 | 0.1.8 | 106.00 | OK | |||
r-release-windows-x86_64 | 0.1.8 | 16.00 | 159.00 | 175.00 | OK | |
r-oldrel-macos-arm64 | 0.1.8 | 43.00 | OK | |||
r-oldrel-macos-x86_64 | 0.1.8 | 76.00 | OK | |||
r-oldrel-windows-x86_64 | 0.1.8 | 17.00 | 153.00 | 170.00 | OK |
Version: 0.1.8
Check: data for non-ASCII characters
Result: NOTE
Note: found 128 marked UTF-8 strings
Flavors: r-devel-linux-x86_64-fedora-clang, r-devel-linux-x86_64-fedora-gcc