CRAN Package Check Results for Package velociraptr

Last updated on 2021-12-04 23:50:49 CET.

Flavor Version Tinstall Tcheck Ttotal Status Flags
r-devel-linux-x86_64-debian-clang 1.1.0 2.40 31.74 34.14 NOTE
r-devel-linux-x86_64-debian-gcc 1.1.0 1.86 24.98 26.84 NOTE
r-devel-linux-x86_64-fedora-clang 1.1.0 42.70 NOTE
r-devel-linux-x86_64-fedora-gcc 1.1.0 31.15 NOTE
r-devel-windows-x86_64-new-UL 1.1.0 7.00 59.00 66.00 NOTE
r-devel-windows-x86_64-new-TK 1.1.0 NOTE
r-devel-windows-x86_64-old 1.1.0 4.00 30.00 34.00 NOTE
r-patched-linux-x86_64 1.1.0 2.54 21.69 24.23 NOTE
r-release-linux-x86_64 1.1.0 2.30 21.97 24.27 NOTE
r-release-macos-arm64 1.1.0 NOTE
r-release-macos-x86_64 1.1.0 NOTE
r-release-windows-ix86+x86_64 1.1.0 6.00 40.00 46.00 NOTE
r-oldrel-macos-x86_64 1.1.0 OK
r-oldrel-windows-ix86+x86_64 1.1.0 5.00 40.00 45.00 OK

Check Details

Version: 1.1.0
Check: LazyData
Result: NOTE
     'LazyData' is specified without a 'data' directory
Flavors: r-devel-linux-x86_64-debian-clang, r-devel-linux-x86_64-debian-gcc, r-devel-linux-x86_64-fedora-clang, r-devel-linux-x86_64-fedora-gcc, r-devel-windows-x86_64-new-UL, r-devel-windows-x86_64-new-TK, r-devel-windows-x86_64-old, r-patched-linux-x86_64, r-release-linux-x86_64, r-release-macos-arm64, r-release-macos-x86_64, r-release-windows-ix86+x86_64