CRAN Package Check Results for Package verhoeff

Last updated on 2024-05-29 06:57:18 CEST.

Flavor Version Tinstall Tcheck Ttotal Status Flags
r-devel-linux-x86_64-debian-clang 0.4.0 1.84 23.32 25.16 NOTE
r-devel-linux-x86_64-debian-gcc 0.4.0 1.59 17.98 19.57 NOTE
r-devel-linux-x86_64-fedora-clang 0.4.0 33.07 NOTE
r-devel-linux-x86_64-fedora-gcc 0.4.0 29.78 NOTE
r-devel-windows-x86_64 0.4.0 3.00 40.00 43.00 NOTE
r-patched-linux-x86_64 0.4.0 1.98 22.35 24.33 NOTE
r-release-linux-x86_64 0.4.0 1.86 22.01 23.87 NOTE
r-release-macos-arm64 0.4.0 14.00 NOTE
r-release-windows-x86_64 0.4.0 2.00 40.00 42.00 NOTE
r-oldrel-macos-arm64 0.4.0 15.00 NOTE
r-oldrel-macos-x86_64 0.4.0 20.00 NOTE
r-oldrel-windows-x86_64 0.4.0 3.00 41.00 44.00 NOTE

Check Details

Version: 0.4.0
Check: LazyData
Result: NOTE 'LazyData' is specified without a 'data' directory Flavors: r-devel-linux-x86_64-debian-clang, r-devel-linux-x86_64-debian-gcc, r-devel-linux-x86_64-fedora-clang, r-devel-linux-x86_64-fedora-gcc, r-devel-windows-x86_64, r-patched-linux-x86_64, r-release-linux-x86_64, r-release-macos-arm64, r-release-windows-x86_64, r-oldrel-macos-arm64, r-oldrel-macos-x86_64, r-oldrel-windows-x86_64