Last updated on 2024-08-16 11:49:54 CEST.
Flavor | Version | Tinstall | Tcheck | Ttotal | Status | Flags |
---|---|---|---|---|---|---|
r-devel-linux-x86_64-debian-clang | 1.42 | 8.20 | 62.81 | 71.01 | NOTE | |
r-devel-linux-x86_64-debian-gcc | 1.42 | 5.40 | 42.73 | 48.13 | NOTE | |
r-devel-linux-x86_64-fedora-clang | 1.42 | 114.50 | NOTE | |||
r-devel-linux-x86_64-fedora-gcc | 1.42 | 110.78 | NOTE | |||
r-devel-windows-x86_64 | 1.42 | 8.00 | 84.00 | 92.00 | NOTE | |
r-patched-linux-x86_64 | 1.42 | 10.51 | 59.64 | 70.15 | NOTE | |
r-release-linux-x86_64 | 1.42 | 7.94 | 59.56 | 67.50 | NOTE | |
r-release-macos-arm64 | 1.42 | 32.00 | NOTE | |||
r-release-macos-x86_64 | 1.42 | 49.00 | NOTE | |||
r-release-windows-x86_64 | 1.42 | 9.00 | 86.00 | 95.00 | NOTE | |
r-oldrel-macos-arm64 | 1.42 | 38.00 | NOTE | |||
r-oldrel-macos-x86_64 | 1.42 | 64.00 | NOTE | |||
r-oldrel-windows-x86_64 | 1.42 | 11.00 | 96.00 | 107.00 | NOTE |
Version: 1.42
Check: Rd files
Result: NOTE
checkRd: (-1) predcomp.test.Rd:51: Lost braces; missing escapes or markup?
51 | S = dbar/sqrt(2*pi*se_{d}(0)/N),
| ^
checkRd: (-1) predcomp.test.Rd:53: Lost braces; missing escapes or markup?
53 | where d is the loss differential, d = e1 - e2 (e1 = loss(x, xhat1) and e2 = loss(x, xhat2)), dbar is its sample mean, and se_{d}(0) is the standard error for d, which must be estimated, and N is the length of the series investigated. Let V = 2*pi*se_{d}(0), then V is estimated by
| ^
checkRd: (-1) predcomp.test.Rd:53: Lost braces; missing escapes or markup?
53 | where d is the loss differential, d = e1 - e2 (e1 = loss(x, xhat1) and e2 = loss(x, xhat2)), dbar is its sample mean, and se_{d}(0) is the standard error for d, which must be estimated, and N is the length of the series investigated. Let V = 2*pi*se_{d}(0), then V is estimated by
| ^
checkRd: (-1) value.Rd:32: Escaped LaTeX specials: \$ \$
Flavors: r-devel-linux-x86_64-debian-clang, r-devel-linux-x86_64-debian-gcc, r-devel-linux-x86_64-fedora-clang, r-devel-linux-x86_64-fedora-gcc, r-devel-windows-x86_64, r-patched-linux-x86_64, r-release-linux-x86_64, r-release-macos-arm64, r-release-macos-x86_64, r-release-windows-x86_64
Version: 1.42
Check: Rd cross-references
Result: NOTE
Found the following Rd file(s) with Rd \link{} targets missing package
anchors:
predcomp.test.Rd: dtw
Please provide package anchors for all Rd \link{} targets not in the
package itself and the base packages.
Flavors: r-devel-linux-x86_64-debian-clang, r-devel-linux-x86_64-debian-gcc, r-devel-windows-x86_64
Version: 1.42
Check: Rd files
Result: NOTE
checkRd: (-1) value.Rd:32: Escaped LaTeX specials: \$ \$
Flavors: r-oldrel-macos-arm64, r-oldrel-macos-x86_64, r-oldrel-windows-x86_64