CRAN Package Check Results for Package viridis

Last updated on 2020-11-26 17:50:09 CET.

Flavor Version Tinstall Tcheck Ttotal Status Flags
r-devel-linux-x86_64-debian-clang 0.5.1 5.35 59.44 64.79 OK
r-devel-linux-x86_64-debian-gcc 0.5.1 3.91 51.22 55.13 OK
r-devel-linux-x86_64-fedora-clang 0.5.1 79.76 NOTE
r-devel-linux-x86_64-fedora-gcc 0.5.1 72.06 NOTE
r-devel-windows-ix86+x86_64 0.5.1 10.00 62.00 72.00 OK --no-vignettes
r-patched-linux-x86_64 0.5.1 4.02 57.50 61.52 OK
r-patched-solaris-x86 0.5.1 107.80 NOTE
r-release-linux-x86_64 0.5.1 4.62 59.67 64.29 OK
r-release-macos-x86_64 0.5.1 NOTE
r-release-windows-ix86+x86_64 0.5.1 11.00 63.00 74.00 OK --no-vignettes
r-oldrel-macos-x86_64 0.5.1 NOTE
r-oldrel-windows-ix86+x86_64 0.5.1 8.00 59.00 67.00 OK --no-vignettes

Check Details

Version: 0.5.1
Check: dependencies in R code
Result: NOTE
    Namespace in Imports field not imported from: ‘stats’
     All declared Imports should be used.
Flavors: r-devel-linux-x86_64-fedora-clang, r-devel-linux-x86_64-fedora-gcc, r-patched-solaris-x86, r-release-macos-x86_64, r-oldrel-macos-x86_64