CRAN Package Check Results for Package viridisLite

Last updated on 2019-05-22 22:52:56 CEST.

Flavor Version Tinstall Tcheck Ttotal Status Flags
r-devel-linux-x86_64-debian-clang 0.3.0 1.26 19.77 21.03 OK
r-devel-linux-x86_64-debian-gcc 0.3.0 1.17 16.00 17.17 OK
r-devel-linux-x86_64-fedora-clang 0.3.0 26.21 OK
r-devel-linux-x86_64-fedora-gcc 0.3.0 23.85 OK
r-devel-windows-ix86+x86_64 0.3.0 6.00 44.00 50.00 OK
r-patched-linux-x86_64 0.3.0 1.51 19.43 20.94 OK
r-patched-solaris-x86 0.3.0 42.90 OK
r-release-linux-x86_64 0.3.0 1.47 19.82 21.29 OK
r-release-windows-ix86+x86_64 0.3.0 8.00 34.00 42.00 OK
r-release-osx-x86_64 0.3.0 OK
r-oldrel-windows-ix86+x86_64 0.3.0 3.00 34.00 37.00 OK
r-oldrel-osx-x86_64 0.3.0 ERROR

Check Details

Version: 0.3.0
Check: examples
Result: ERROR
    Running examples in ‘viridisLite-Ex.R’ failed
    The error most likely occurred in:
    
    > ### Name: viridis
    > ### Title: Matplotlib 'viridis' and 'cividis' color map
    > ### Aliases: viridis viridisMap magma inferno plasma cividis
    >
    > ### ** Examples
    >
    > library(ggplot2)
    Warning: S3 methods ‘.DollarNames.C++Object’, ‘.DollarNames.Module’, ‘print.bytes’, ‘format.Rcpp_stack_trace’, ‘str.Rcpp_stack_trace’, ‘print.Rcpp_stack_trace’ were declared in NAMESPACE but not found
    Error: package or namespace load failed for ‘ggplot2’ in library.dynam(lib, package, package.lib):
     shared object ‘Rcpp.so’ not found
    Execution halted
Flavor: r-oldrel-osx-x86_64