Last updated on 2021-01-16 17:49:54 CET.
Flavor | Version | Tinstall | Tcheck | Ttotal | Status | Flags |
---|---|---|---|---|---|---|
r-devel-linux-x86_64-debian-clang | 1.0 | 2.20 | 23.66 | 25.86 | OK | |
r-devel-linux-x86_64-debian-gcc | 1.0 | 1.78 | 19.49 | 21.27 | OK | |
r-devel-linux-x86_64-fedora-clang | 1.0 | 43.43 | NOTE | |||
r-devel-linux-x86_64-fedora-gcc | 1.0 | 31.49 | NOTE | |||
r-devel-windows-ix86+x86_64 | 1.0 | 4.00 | 34.00 | 38.00 | OK | |
r-patched-linux-x86_64 | 1.0 | 2.30 | 22.91 | 25.21 | OK | |
r-patched-solaris-x86 | 1.0 | 50.70 | NOTE | |||
r-release-linux-x86_64 | 1.0 | 2.05 | 22.89 | 24.94 | OK | |
r-release-macos-x86_64 | 1.0 | NOTE | ||||
r-release-windows-ix86+x86_64 | 1.0 | 6.00 | 31.00 | 37.00 | OK | |
r-oldrel-macos-x86_64 | 1.0 | NOTE | ||||
r-oldrel-windows-ix86+x86_64 | 1.0 | 4.00 | 31.00 | 35.00 | OK |
Version: 1.0
Check: dependencies in R code
Result: NOTE
Namespaces in Imports field not imported from:
‘devtools’ ‘diptest’
All declared Imports should be used.
Flavors: r-devel-linux-x86_64-fedora-clang, r-devel-linux-x86_64-fedora-gcc, r-patched-solaris-x86, r-release-macos-x86_64, r-oldrel-macos-x86_64