CRAN Package Check Results for Package visTree

Last updated on 2021-07-27 11:51:25 CEST.

Flavor Version Tinstall Tcheck Ttotal Status Flags
r-devel-linux-x86_64-debian-clang 0.8.1 6.70 79.72 86.42 OK
r-devel-linux-x86_64-debian-gcc 0.8.1 6.55 61.31 67.86 OK
r-devel-linux-x86_64-fedora-clang 0.8.1 111.15 NOTE
r-devel-linux-x86_64-fedora-gcc 0.8.1 101.03 NOTE
r-devel-windows-x86_64 0.8.1 12.00 102.00 114.00 OK
r-devel-windows-x86_64-gcc10-UCRT 0.8.1 NOTE
r-patched-linux-x86_64 0.8.1 7.82 79.08 86.90 OK
r-patched-solaris-x86 0.8.1 145.50 NOTE
r-release-linux-x86_64 0.8.1 7.02 77.37 84.39 OK
r-release-macos-arm64 0.8.1 NOTE
r-release-macos-x86_64 0.8.1 NOTE
r-release-windows-ix86+x86_64 0.8.1 18.00 87.00 105.00 OK
r-oldrel-macos-x86_64 0.8.1 NOTE
r-oldrel-windows-ix86+x86_64 0.8.1 14.00 100.00 114.00 OK

Check Details

Version: 0.8.1
Check: dependencies in R code
Result: NOTE
    Namespace in Imports field not imported from: ‘rpart’
     All declared Imports should be used.
Flavors: r-devel-linux-x86_64-fedora-clang, r-devel-linux-x86_64-fedora-gcc, r-devel-windows-x86_64-gcc10-UCRT, r-patched-solaris-x86, r-release-macos-arm64, r-release-macos-x86_64, r-oldrel-macos-x86_64