Last updated on 2024-08-16 11:49:55 CEST.
Flavor | Version | Tinstall | Tcheck | Ttotal | Status | Flags |
---|---|---|---|---|---|---|
r-devel-linux-x86_64-debian-clang | 1.0.0 | 15.72 | 171.19 | 186.91 | NOTE | |
r-devel-linux-x86_64-debian-gcc | 1.0.0 | 13.46 | 118.23 | 131.69 | NOTE | |
r-devel-linux-x86_64-fedora-clang | 1.0.0 | 302.19 | NOTE | |||
r-devel-linux-x86_64-fedora-gcc | 1.0.0 | 312.02 | NOTE | |||
r-devel-windows-x86_64 | 1.0.0 | 18.00 | 172.00 | 190.00 | NOTE | |
r-patched-linux-x86_64 | 1.0.0 | 13.71 | 160.55 | 174.26 | NOTE | |
r-release-linux-x86_64 | 1.0.0 | 16.11 | 164.85 | 180.96 | NOTE | |
r-release-macos-arm64 | 1.0.0 | 85.00 | NOTE | |||
r-release-macos-x86_64 | 1.0.0 | 148.00 | NOTE | |||
r-release-windows-x86_64 | 1.0.0 | 17.00 | 173.00 | 190.00 | NOTE | |
r-oldrel-macos-arm64 | 1.0.0 | 85.00 | OK | |||
r-oldrel-macos-x86_64 | 1.0.0 | 137.00 | OK | |||
r-oldrel-windows-x86_64 | 1.0.0 | 23.00 | 210.00 | 233.00 | OK |
Version: 1.0.0
Check: Rd files
Result: NOTE
checkRd: (-1) compdesc.Rd:24: Lost braces in \itemize; \value handles \item{}{} directly
checkRd: (-1) compdesc.Rd:25: Lost braces in \itemize; \value handles \item{}{} directly
checkRd: (-1) compdesc.Rd:26: Lost braces in \itemize; \value handles \item{}{} directly
checkRd: (-1) compdesc.Rd:27: Lost braces in \itemize; \value handles \item{}{} directly
checkRd: (-1) compdesc.Rd:28: Lost braces in \itemize; \value handles \item{}{} directly
checkRd: (-1) compdesc.Rd:29: Lost braces in \itemize; \value handles \item{}{} directly
checkRd: (-1) compdesc.Rd:30: Lost braces in \itemize; \value handles \item{}{} directly
checkRd: (-1) compdesc.Rd:31: Lost braces in \itemize; \value handles \item{}{} directly
checkRd: (-1) compdesc.Rd:32: Lost braces in \itemize; \value handles \item{}{} directly
Flavors: r-devel-linux-x86_64-debian-clang, r-devel-linux-x86_64-debian-gcc, r-devel-linux-x86_64-fedora-clang, r-devel-linux-x86_64-fedora-gcc, r-devel-windows-x86_64, r-patched-linux-x86_64, r-release-linux-x86_64, r-release-macos-arm64, r-release-macos-x86_64, r-release-windows-x86_64