Last updated on 2024-04-23 11:56:02 CEST.
Flavor | Version | Tinstall | Tcheck | Ttotal | Status | Flags |
---|---|---|---|---|---|---|
r-devel-linux-x86_64-debian-clang | 1.3.11 | 41.45 | 309.33 | 350.78 | OK | |
r-devel-linux-x86_64-debian-gcc | 1.3.11 | 26.58 | 224.89 | 251.47 | OK | |
r-devel-linux-x86_64-fedora-clang | 1.3.11 | 459.22 | NOTE | |||
r-devel-linux-x86_64-fedora-gcc | 1.3.11 | 427.71 | OK | |||
r-prerel-macos-arm64 | 1.3.11 | 200.00 | OK | |||
r-prerel-macos-x86_64 | 1.3.11 | 299.00 | OK | |||
r-prerel-windows-x86_64 | 1.3.11 | 25.00 | 184.00 | 209.00 | OK | |
r-patched-linux-x86_64 | 1.3.11 | 35.02 | 299.17 | 334.19 | OK | |
r-release-linux-x86_64 | 1.3.11 | 21.71 | 261.76 | 283.47 | OK | |
r-release-macos-arm64 | 1.3.11 | 112.00 | OK | |||
r-release-macos-x86_64 | 1.3.11 | 263.00 | OK | |||
r-release-windows-x86_64 | 1.3.11 | 30.00 | 239.00 | 269.00 | OK | |
r-oldrel-macos-arm64 | 1.3.11 | 338.00 | OK | |||
r-oldrel-windows-x86_64 | 1.3.11 | 30.00 | 249.00 | 279.00 | OK |
Version: 1.3.11
Check: package dependencies
Result: NOTE
Imports includes 26 non-default packages.
Importing from so many packages makes the package vulnerable to any of
them becoming unavailable. Move as many as possible to Suggests and
use conditionally.
Flavor: r-devel-linux-x86_64-fedora-clang