CRAN Package Check Results for Package visvow

Last updated on 2024-02-26 11:50:22 CET.

Flavor Version Tinstall Tcheck Ttotal Status Flags
r-devel-linux-x86_64-debian-clang 1.3.11 37.44 314.22 351.66 OK
r-devel-linux-x86_64-debian-gcc 1.3.11 28.54 230.20 258.74 OK
r-devel-linux-x86_64-fedora-clang 1.3.11 358.52 NOTE
r-devel-linux-x86_64-fedora-gcc 1.3.11 442.44 OK
r-devel-windows-x86_64 1.3.11 23.00 183.00 206.00 OK
r-patched-linux-x86_64 1.3.11 26.90 265.08 291.98 OK
r-release-linux-x86_64 1.3.11 19.96 266.69 286.65 OK
r-release-macos-arm64 1.3.11 112.00 OK
r-release-macos-x86_64 1.3.11 263.00 OK
r-release-windows-x86_64 1.3.11 30.00 234.00 264.00 OK
r-oldrel-macos-arm64 1.3.11 338.00 OK
r-oldrel-windows-x86_64 1.3.11 31.00 246.00 277.00 OK

Check Details

Version: 1.3.11
Check: package dependencies
Result: NOTE Imports includes 26 non-default packages. Importing from so many packages makes the package vulnerable to any of them becoming unavailable. Move as many as possible to Suggests and use conditionally. Flavor: r-devel-linux-x86_64-fedora-clang