CRAN Package Check Results for Package vivo

Last updated on 2019-11-14 17:50:53 CET.

Flavor Version Tinstall Tcheck Ttotal Status Flags
r-devel-linux-x86_64-debian-clang 0.1.1 3.93 52.81 56.74 OK
r-devel-linux-x86_64-debian-gcc 0.1.1 3.25 41.45 44.70 OK
r-devel-linux-x86_64-fedora-clang 0.1.1 71.76 NOTE
r-devel-linux-x86_64-fedora-gcc 0.1.1 67.36 NOTE
r-devel-windows-ix86+x86_64 0.1.1 20.00 66.00 86.00 OK
r-patched-linux-x86_64 0.1.1 3.68 49.96 53.64 OK
r-patched-solaris-x86 0.1.1 100.00 NOTE
r-release-linux-x86_64 0.1.1 4.13 50.92 55.05 OK
r-release-windows-ix86+x86_64 0.1.1 9.00 83.00 92.00 OK
r-release-osx-x86_64 0.1.1 NOTE
r-oldrel-windows-ix86+x86_64 0.1.1 6.00 94.00 100.00 OK
r-oldrel-osx-x86_64 0.1.1 NOTE

Check Details

Version: 0.1.1
Check: dependencies in R code
Result: NOTE
    Namespace in Imports field not imported from: ‘ingredients’
     All declared Imports should be used.
Flavors: r-devel-linux-x86_64-fedora-clang, r-devel-linux-x86_64-fedora-gcc, r-patched-solaris-x86, r-release-osx-x86_64, r-oldrel-osx-x86_64