CRAN Package Check Results for Package vmsbase

Last updated on 2021-05-08 23:48:13 CEST.

Flavor Version Tinstall Tcheck Ttotal Status Flags
r-devel-linux-x86_64-debian-clang 2.2.1 48.44 233.88 282.32 OK
r-devel-linux-x86_64-debian-gcc 2.2.1 45.98 212.04 258.02 OK
r-devel-linux-x86_64-fedora-clang 2.2.1 344.52 NOTE
r-devel-linux-x86_64-fedora-gcc 2.2.1 942.59 OK
r-devel-windows-ix86+x86_64 2.2.1 86.00 247.00 333.00 OK
r-devel-windows-x86_64-gcc10-UCRT 2.2.1 OK
r-patched-linux-x86_64 2.2.1 56.70 240.35 297.05 OK
r-patched-solaris-x86 2.2.1 454.50 OK
r-release-linux-x86_64 2.2.1 57.57 225.02 282.59 OK
r-release-macos-x86_64 2.2.1 OK
r-release-windows-ix86+x86_64 2.2.1 62.00 194.00 256.00 OK
r-oldrel-macos-x86_64 2.2.1 ERROR
r-oldrel-windows-ix86+x86_64 2.2.1 73.00 236.00 309.00 OK

Check Details

Version: 2.2.1
Check: package dependencies
Result: NOTE
    Imports includes 23 non-default packages.
    Importing from so many packages makes the package vulnerable to any of
    them becoming unavailable. Move as many as possible to Suggests and
    use conditionally.
Flavor: r-devel-linux-x86_64-fedora-clang

Version: 2.2.1
Check: package dependencies
Result: ERROR
    Package required but not available: ‘gWidgets2RGtk2’
    
    See section ‘The DESCRIPTION file’ in the ‘Writing R Extensions’
    manual.
Flavor: r-oldrel-macos-x86_64