CRAN Package Check Results for Package vmsbase

Last updated on 2020-10-01 17:50:41 CEST.

Flavor Version Tinstall Tcheck Ttotal Status Flags
r-devel-linux-x86_64-debian-clang 2.2.1 48.57 230.83 279.40 OK
r-devel-linux-x86_64-debian-gcc 2.2.1 41.87 392.13 434.00 OK
r-devel-linux-x86_64-fedora-clang 2.2.1 365.30 NOTE
r-devel-linux-x86_64-fedora-gcc 2.2.1 1001.61 OK
r-devel-windows-ix86+x86_64 2.2.1 77.00 176.00 253.00 OK
r-patched-linux-x86_64 2.2.1 58.04 218.82 276.86 OK
r-patched-solaris-x86 2.2.1 439.00 OK
r-release-linux-x86_64 2.2.1 56.38 217.40 273.78 OK
r-release-macos-x86_64 2.2.1 OK
r-release-windows-ix86+x86_64 2.2.1 77.00 238.00 315.00 OK
r-oldrel-macos-x86_64 2.2.1 ERROR
r-oldrel-windows-ix86+x86_64 2.2.1 78.00 227.00 305.00 OK

Check Details

Version: 2.2.1
Check: package dependencies
Result: NOTE
    Imports includes 23 non-default packages.
    Importing from so many packages makes the package vulnerable to any of
    them becoming unavailable. Move as many as possible to Suggests and
    use conditionally.
Flavor: r-devel-linux-x86_64-fedora-clang

Version: 2.2.1
Check: package dependencies
Result: ERROR
    Package required but not available: ‘gWidgets2RGtk2’
    
    See section ‘The DESCRIPTION file’ in the ‘Writing R Extensions’
    manual.
Flavor: r-oldrel-macos-x86_64