Last updated on 2024-08-16 11:49:55 CEST.
Flavor | Version | Tinstall | Tcheck | Ttotal | Status | Flags |
---|---|---|---|---|---|---|
r-devel-linux-x86_64-debian-clang | 1.0.3 | 92.32 | 61.87 | 154.19 | NOTE | |
r-devel-linux-x86_64-debian-gcc | 1.0.3 | 73.00 | 45.07 | 118.07 | NOTE | |
r-devel-linux-x86_64-fedora-clang | 1.0.3 | 254.87 | NOTE | |||
r-devel-linux-x86_64-fedora-gcc | 1.0.3 | 301.42 | NOTE | |||
r-devel-windows-x86_64 | 1.0.3 | 187.00 | 249.00 | 436.00 | NOTE | |
r-patched-linux-x86_64 | 1.0.3 | 95.97 | 59.88 | 155.85 | NOTE | |
r-release-linux-x86_64 | 1.0.3 | 95.52 | 60.12 | 155.64 | NOTE | |
r-release-macos-arm64 | 1.0.3 | 101.00 | NOTE | |||
r-release-macos-x86_64 | 1.0.3 | 155.00 | NOTE | |||
r-release-windows-x86_64 | 1.0.3 | 192.00 | 265.00 | 457.00 | NOTE | |
r-oldrel-macos-arm64 | 1.0.3 | 103.00 | NOTE | |||
r-oldrel-macos-x86_64 | 1.0.3 | 146.00 | NOTE | |||
r-oldrel-windows-x86_64 | 1.0.3 | 217.00 | 297.00 | 514.00 | NOTE |
Version: 1.0.3
Check: for GNU extensions in Makefiles
Result: NOTE
GNU make is a SystemRequirements.
Flavors: r-devel-linux-x86_64-debian-clang, r-devel-linux-x86_64-debian-gcc, r-devel-linux-x86_64-fedora-clang, r-devel-linux-x86_64-fedora-gcc, r-devel-windows-x86_64, r-patched-linux-x86_64, r-release-linux-x86_64, r-release-macos-arm64, r-release-macos-x86_64, r-release-windows-x86_64, r-oldrel-macos-arm64, r-oldrel-macos-x86_64, r-oldrel-windows-x86_64
Version: 1.0.3
Check: installed package size
Result: NOTE
installed size is 23.3Mb
sub-directories of 1Mb or more:
extdata 1.6Mb
libs 21.4Mb
Flavors: r-devel-windows-x86_64, r-release-macos-arm64, r-release-macos-x86_64, r-release-windows-x86_64, r-oldrel-macos-arm64, r-oldrel-macos-x86_64, r-oldrel-windows-x86_64