CRAN Package Check Results for Package vortexR

Last updated on 2019-10-19 17:47:08 CEST.

Flavor Version Tinstall Tcheck Ttotal Status Flags
r-devel-linux-x86_64-debian-clang 1.1.6 9.00 139.10 148.10 NOTE
r-devel-linux-x86_64-debian-gcc 1.1.6 7.19 123.81 131.00 NOTE
r-devel-linux-x86_64-fedora-clang 1.1.6 161.90 NOTE
r-devel-linux-x86_64-fedora-gcc 1.1.6 164.77 NOTE
r-devel-windows-ix86+x86_64 1.1.6 14.00 7.00 21.00 ERROR
r-patched-linux-x86_64 1.1.6 8.65 131.77 140.42 OK
r-patched-solaris-x86 1.1.6 212.40 OK
r-release-linux-x86_64 1.1.6 8.67 129.83 138.50 OK
r-release-windows-ix86+x86_64 1.1.6 18.00 225.00 243.00 OK
r-release-osx-x86_64 1.1.6 OK
r-oldrel-windows-ix86+x86_64 1.1.6 10.00 122.00 132.00 OK
r-oldrel-osx-x86_64 1.1.6 OK

Check Details

Version: 1.1.6
Check: for non-standard things in the check directory
Result: NOTE
    Found the following files/directories:
     'test' 'testname.rda' 'testname.txt'
Flavors: r-devel-linux-x86_64-debian-clang, r-devel-linux-x86_64-debian-gcc, r-devel-linux-x86_64-fedora-clang, r-devel-linux-x86_64-fedora-gcc

Version: 1.1.6
Check: whether package can be installed
Result: ERROR
    Installation failed.
Flavor: r-devel-windows-ix86+x86_64