Last updated on 2024-05-11 05:54:53 CEST.
Flavor | Version | Tinstall | Tcheck | Ttotal | Status | Flags |
---|---|---|---|---|---|---|
r-devel-linux-x86_64-debian-clang | 1.0.5 | 4.06 | 23.43 | 27.49 | NOTE | |
r-devel-linux-x86_64-debian-gcc | 1.0.5 | 2.44 | 18.54 | 20.98 | NOTE | |
r-devel-linux-x86_64-fedora-clang | 1.0.5 | 34.06 | NOTE | |||
r-devel-linux-x86_64-fedora-gcc | 1.0.5 | 37.25 | NOTE | |||
r-devel-windows-x86_64 | 1.0.5 | 4.00 | 40.00 | 44.00 | NOTE | |
r-patched-linux-x86_64 | 1.0.5 | 3.35 | 22.72 | 26.07 | NOTE | |
r-release-linux-x86_64 | 1.0.5 | 3.22 | 22.26 | 25.48 | NOTE | |
r-release-macos-arm64 | 1.0.5 | 16.00 | NOTE | |||
r-release-windows-x86_64 | 1.0.5 | 4.00 | 40.00 | 44.00 | NOTE | |
r-oldrel-macos-arm64 | 1.0.5 | 17.00 | NOTE | |||
r-oldrel-macos-x86_64 | 1.0.5 | 24.00 | NOTE | |||
r-oldrel-windows-x86_64 | 1.0.5 | 6.00 | 40.00 | 46.00 | NOTE |
Version: 1.0.5
Check: package subdirectories
Result: NOTE
Problems with news in ‘NEWS.md’:
Cannot extract version info from the following section titles:
vortexRdata pre-1.0.3
Flavors: r-devel-linux-x86_64-debian-clang, r-devel-linux-x86_64-debian-gcc, r-devel-linux-x86_64-fedora-clang, r-devel-linux-x86_64-fedora-gcc, r-devel-windows-x86_64, r-patched-linux-x86_64, r-release-linux-x86_64, r-release-macos-arm64, r-release-windows-x86_64, r-oldrel-macos-arm64, r-oldrel-macos-x86_64, r-oldrel-windows-x86_64