Last updated on 2024-04-26 23:54:00 CEST.
Flavor | Version | Tinstall | Tcheck | Ttotal | Status | Flags |
---|---|---|---|---|---|---|
r-devel-linux-x86_64-debian-clang | 0.1.0 | 8.38 | 99.02 | 107.40 | OK | |
r-devel-linux-x86_64-debian-gcc | 0.1.0 | 8.47 | 70.88 | 79.35 | OK | |
r-devel-linux-x86_64-fedora-clang | 0.1.0 | 139.84 | NOTE | |||
r-devel-linux-x86_64-fedora-gcc | 0.1.0 | 134.19 | NOTE | |||
r-devel-windows-x86_64 | 0.1.0 | 10.00 | 90.00 | 100.00 | OK | |
r-patched-linux-x86_64 | 0.1.0 | 17.68 | 92.82 | 110.50 | OK | |
r-release-linux-x86_64 | 0.1.0 | 9.51 | 95.77 | 105.28 | OK | |
r-release-macos-arm64 | 0.1.0 | 40.00 | OK | |||
r-release-windows-x86_64 | 0.1.0 | 10.00 | 89.00 | 99.00 | OK | |
r-oldrel-macos-arm64 | 0.1.0 | 45.00 | OK | |||
r-oldrel-macos-x86_64 | 0.1.0 | 67.00 | OK | |||
r-oldrel-windows-x86_64 | 0.1.0 | 12.00 | 107.00 | 119.00 | OK |
Version: 0.1.0
Check: dependencies in R code
Result: NOTE
Namespace in Imports field not imported from: ‘flexsurv’
All declared Imports should be used.
Flavors: r-devel-linux-x86_64-fedora-clang, r-devel-linux-x86_64-fedora-gcc