Last updated on 2023-09-28 11:55:49 CEST.
Flavor | Version | Tinstall | Tcheck | Ttotal | Status | Flags |
---|---|---|---|---|---|---|
r-devel-linux-x86_64-debian-clang | 0.1.1 | 12.16 | 112.80 | 124.96 | OK | |
r-devel-linux-x86_64-debian-gcc | 0.1.1 | 9.71 | 84.51 | 94.22 | OK | |
r-devel-linux-x86_64-fedora-clang | 0.1.1 | 149.26 | NOTE | |||
r-devel-linux-x86_64-fedora-gcc | 0.1.1 | 158.94 | OK | |||
r-devel-windows-x86_64 | 0.1.1 | 12.00 | 95.00 | 107.00 | OK | |
r-patched-linux-x86_64 | 0.1.1 | 16.15 | 105.82 | 121.97 | OK | |
r-release-linux-x86_64 | 0.1.1 | 10.99 | 107.27 | 118.26 | OK | |
r-release-macos-arm64 | 0.1.1 | 50.00 | OK | |||
r-release-macos-x86_64 | 0.1.1 | 87.00 | OK | |||
r-release-windows-x86_64 | 0.1.1 | 13.00 | 116.00 | 129.00 | OK | |
r-oldrel-macos-arm64 | 0.1.1 | 53.00 | OK | |||
r-oldrel-macos-x86_64 | 0.1.1 | 66.00 | OK | |||
r-oldrel-windows-x86_64 | 0.1.1 | 15.00 | 120.00 | 135.00 | OK |
Version: 0.1.1
Check: Rd cross-references
Result: NOTE
Undeclared package ‘progress’ in Rd xrefs
Flavor: r-devel-linux-x86_64-fedora-clang