CRAN Package Check Results for Package wINEQ

Last updated on 2023-10-05 01:56:21 CEST.

Flavor Version Tinstall Tcheck Ttotal Status Flags
r-devel-linux-x86_64-debian-clang 1.2.0 5.36 48.52 53.88 OK
r-devel-linux-x86_64-debian-gcc 1.2.0 4.78 36.22 41.00 OK
r-devel-linux-x86_64-fedora-clang 1.2.0 66.53 NOTE
r-devel-linux-x86_64-fedora-gcc 1.2.0 66.12 NOTE
r-devel-windows-x86_64 1.2.0 8.00 59.00 67.00 OK
r-patched-linux-x86_64 1.2.0 6.00 46.79 52.79 OK
r-release-linux-x86_64 1.2.0 5.73 46.35 52.08 OK
r-release-macos-arm64 1.2.0 23.00 OK
r-release-macos-x86_64 1.2.0 43.00 OK
r-release-windows-x86_64 1.2.0 14.00 66.00 80.00 OK
r-oldrel-macos-arm64 1.2.0 26.00 OK
r-oldrel-macos-x86_64 1.2.0 34.00 OK
r-oldrel-windows-x86_64 1.2.0 10.00 65.00 75.00 OK

Check Details

Version: 1.2.0
Check: data for non-ASCII characters
Result: NOTE
     Note: found 1 marked UTF-8 string
Flavors: r-devel-linux-x86_64-fedora-clang, r-devel-linux-x86_64-fedora-gcc