Last updated on 2024-03-29 11:54:10 CET.
Flavor | Version | Tinstall | Tcheck | Ttotal | Status | Flags |
---|---|---|---|---|---|---|
r-devel-linux-x86_64-debian-clang | 1.0.5 | 18.87 | 38.45 | 57.32 | OK | |
r-devel-linux-x86_64-debian-gcc | 1.0.5 | 16.05 | 29.09 | 45.14 | OK | |
r-devel-linux-x86_64-fedora-clang | 1.0.5 | 80.77 | NOTE | |||
r-devel-linux-x86_64-fedora-gcc | 1.0.5 | 70.58 | NOTE | |||
r-devel-windows-x86_64 | 1.0.5 | 18.00 | 50.00 | 68.00 | OK | |
r-patched-linux-x86_64 | 1.0.5 | 19.85 | 36.30 | 56.15 | OK | |
r-release-linux-x86_64 | 1.0.5 | 16.25 | 37.55 | 53.80 | OK | |
r-release-macos-arm64 | 1.0.5 | 27.00 | OK | |||
r-release-macos-x86_64 | 1.0.5 | 38.00 | OK | |||
r-release-windows-x86_64 | 1.0.5 | 18.00 | 54.00 | 72.00 | OK | |
r-oldrel-macos-arm64 | 1.0.5 | 26.00 | NOTE | |||
r-oldrel-windows-x86_64 | 1.0.5 | 22.00 | 58.00 | 80.00 | OK |
Version: 1.0.5
Check: dependencies in R code
Result: NOTE
Namespaces in Imports field not imported from:
‘R6’ ‘WRS2’ ‘ggplot2’
All declared Imports should be used.
Flavors: r-devel-linux-x86_64-fedora-clang, r-devel-linux-x86_64-fedora-gcc, r-oldrel-macos-arm64