Last updated on 2023-09-30 06:08:55 CEST.
Flavor | Version | Tinstall | Tcheck | Ttotal | Status | Flags |
---|---|---|---|---|---|---|
r-devel-linux-x86_64-debian-clang | 1.0.5 | 17.13 | 38.45 | 55.58 | OK | |
r-devel-linux-x86_64-debian-gcc | 1.0.5 | 13.44 | 29.52 | 42.96 | OK | |
r-devel-linux-x86_64-fedora-clang | 1.0.5 | 70.29 | NOTE | |||
r-devel-linux-x86_64-fedora-gcc | 1.0.5 | 70.71 | NOTE | |||
r-devel-windows-x86_64 | 1.0.5 | 15.00 | 53.00 | 68.00 | OK | |
r-patched-linux-x86_64 | 1.0.5 | 12.04 | 37.82 | 49.86 | OK | |
r-release-linux-x86_64 | 1.0.5 | 14.56 | 38.27 | 52.83 | OK | |
r-release-macos-arm64 | 1.0.5 | 27.00 | OK | |||
r-release-macos-x86_64 | 1.0.5 | 38.00 | OK | |||
r-release-windows-x86_64 | 1.0.5 | 15.00 | 54.00 | 69.00 | OK | |
r-oldrel-macos-arm64 | 1.0.5 | 26.00 | NOTE | |||
r-oldrel-macos-x86_64 | 1.0.5 | 32.00 | NOTE | |||
r-oldrel-windows-x86_64 | 1.0.5 | 17.00 | 55.00 | 72.00 | OK |
Version: 1.0.5
Check: dependencies in R code
Result: NOTE
Namespaces in Imports field not imported from:
‘R6’ ‘WRS2’ ‘ggplot2’
All declared Imports should be used.
Flavors: r-devel-linux-x86_64-fedora-clang, r-devel-linux-x86_64-fedora-gcc, r-oldrel-macos-arm64, r-oldrel-macos-x86_64